Last updated on 2022-05-24 03:55:26 CEST.
Flavor | Version | Tinstall | Tcheck | Ttotal | Status | Flags |
---|---|---|---|---|---|---|
r-devel-linux-x86_64-debian-clang | 1.15.3 | 153.93 | 251.09 | 405.02 | WARN | |
r-devel-linux-x86_64-debian-gcc | 1.15.3 | 122.01 | 180.96 | 302.97 | OK | |
r-devel-linux-x86_64-fedora-clang | 1.15.3 | 473.87 | WARN | |||
r-devel-linux-x86_64-fedora-gcc | 1.15.3 | 444.05 | OK | |||
r-devel-windows-x86_64 | 1.15.3 | 191.00 | 323.00 | 514.00 | OK | |
r-patched-linux-x86_64 | 1.15.3 | 145.13 | 232.48 | 377.61 | OK | |
r-release-linux-x86_64 | 1.15.3 | OK | ||||
r-release-macos-arm64 | 1.15.3 | 121.00 | NOTE | |||
r-release-macos-x86_64 | 1.15.3 | 167.00 | NOTE | |||
r-release-windows-x86_64 | 1.15.3 | 212.00 | 328.00 | 540.00 | OK | |
r-oldrel-macos-arm64 | 1.15.3 | 118.00 | NOTE | |||
r-oldrel-macos-x86_64 | 1.15.3 | 158.00 | NOTE | |||
r-oldrel-windows-ix86+x86_64 | 1.15.3 | 313.00 | 393.00 | 706.00 | NOTE |
Version: 1.15.3
Check: whether package can be installed
Result: WARN
Found the following significant warnings:
ae.cpp:8:10: warning: use of bitwise '|' with boolean operands [-Wbitwise-instead-of-logical]
Flavors: r-devel-linux-x86_64-debian-clang, r-devel-linux-x86_64-fedora-clang
Version: 1.15.3
Check: installed package size
Result: NOTE
installed size is 6.4Mb
sub-directories of 1Mb or more:
R 2.0Mb
libs 3.4Mb
Flavors: r-devel-linux-x86_64-fedora-clang, r-release-macos-arm64, r-release-macos-x86_64, r-oldrel-macos-arm64, r-oldrel-macos-x86_64, r-oldrel-windows-ix86+x86_64