CRAN Package Check Results for Package workflows

Last updated on 2021-06-17 15:49:27 CEST.

Flavor Version Tinstall Tcheck Ttotal Status Flags
r-devel-linux-x86_64-debian-clang 0.2.2 5.83 86.13 91.96 NOTE
r-devel-linux-x86_64-debian-gcc 0.2.2 4.61 66.23 70.84 NOTE
r-devel-linux-x86_64-fedora-clang 0.2.2 116.01 NOTE
r-devel-linux-x86_64-fedora-gcc 0.2.2 110.32 NOTE
r-devel-windows-x86_64 0.2.2 10.00 87.00 97.00 NOTE
r-devel-windows-x86_64-gcc10-UCRT 0.2.2 NOTE
r-patched-linux-x86_64 0.2.2 6.55 83.07 89.62 NOTE
r-patched-solaris-x86 0.2.2 153.40 NOTE
r-release-linux-x86_64 0.2.2 5.82 80.41 86.23 NOTE
r-release-macos-arm64 0.2.2 NOTE
r-release-macos-x86_64 0.2.2 NOTE
r-release-windows-ix86+x86_64 0.2.2 13.00 111.00 124.00 NOTE
r-oldrel-macos-x86_64 0.2.2 OK
r-oldrel-windows-ix86+x86_64 0.2.2 9.00 116.00 125.00 OK

Check Details

Version: 0.2.2
Check: LazyData
Result: NOTE
     'LazyData' is specified without a 'data' directory
Flavors: r-devel-linux-x86_64-debian-clang, r-devel-linux-x86_64-debian-gcc, r-devel-linux-x86_64-fedora-clang, r-devel-linux-x86_64-fedora-gcc, r-devel-windows-x86_64, r-devel-windows-x86_64-gcc10-UCRT, r-patched-linux-x86_64, r-patched-solaris-x86, r-release-linux-x86_64, r-release-macos-arm64, r-release-macos-x86_64, r-release-windows-ix86+x86_64