CRAN Package Check Results for Package wflo

Last updated on 2021-06-17 15:49:27 CEST.

Flavor Version Tinstall Tcheck Ttotal Status Flags
r-devel-linux-x86_64-debian-clang 1.6 5.99 506.64 512.63 OK
r-devel-linux-x86_64-debian-gcc 1.6 4.75 359.63 364.38 OK
r-devel-linux-x86_64-fedora-clang 1.6 550.28 NOTE
r-devel-linux-x86_64-fedora-gcc 1.6 579.65 NOTE
r-devel-windows-x86_64 1.6 10.00 440.00 450.00 OK
r-devel-windows-x86_64-gcc10-UCRT 1.6 NOTE
r-patched-linux-x86_64 1.6 6.52 469.18 475.70 OK
r-patched-solaris-x86 1.6 657.50 NOTE
r-release-linux-x86_64 1.6 4.93 477.54 482.47 OK
r-release-macos-arm64 1.6 NOTE
r-release-macos-x86_64 1.6 NOTE
r-release-windows-ix86+x86_64 1.6 10.00 420.00 430.00 OK
r-oldrel-macos-x86_64 1.6 NOTE
r-oldrel-windows-ix86+x86_64 1.6 8.00 564.00 572.00 OK

Check Details

Version: 1.6
Check: dependencies in R code
Result: NOTE
    Namespace in Imports field not imported from: ‘rgdal’
     All declared Imports should be used.
Flavors: r-devel-linux-x86_64-fedora-clang, r-devel-linux-x86_64-fedora-gcc, r-devel-windows-x86_64-gcc10-UCRT, r-patched-solaris-x86, r-release-macos-arm64, r-release-macos-x86_64, r-oldrel-macos-x86_64