CRAN Package Check Results for Package waves

Last updated on 2021-09-21 15:51:29 CEST.

Flavor Version Tinstall Tcheck Ttotal Status Flags
r-devel-linux-x86_64-debian-clang 0.1.1 16.47 144.93 161.40 OK
r-devel-linux-x86_64-debian-gcc 0.1.1 14.36 109.09 123.45 OK
r-devel-linux-x86_64-fedora-clang 0.1.1 198.18 OK
r-devel-linux-x86_64-fedora-gcc 0.1.1 185.21 OK
r-devel-windows-x86_64 0.1.1 18.00 128.00 146.00 OK
r-devel-windows-x86_64-gcc10-UCRT 0.1.1 ERROR
r-patched-linux-x86_64 0.1.1 16.47 137.10 153.57 OK
r-patched-solaris-x86 0.1.1 264.70 OK
r-release-linux-x86_64 0.1.1 15.57 135.46 151.03 OK
r-release-macos-arm64 0.1.1 OK
r-release-macos-x86_64 0.1.1 OK
r-release-windows-ix86+x86_64 0.1.1 39.00 124.00 163.00 OK
r-oldrel-macos-x86_64 0.1.1 OK
r-oldrel-windows-ix86+x86_64 0.1.1 40.00 132.00 172.00 OK

Check Details

Version: 0.1.1
Check: whether package can be installed
Result: WARN
    Found the following significant warnings:
     WARNING: installation-time patches will not be applied, could not get the patches index
Flavor: r-devel-windows-x86_64-gcc10-UCRT

Version: 0.1.1
Check: PDF version of manual
Result: WARN
    LaTeX errors when creating PDF version.
    This typically indicates Rd problems.
Flavor: r-devel-windows-x86_64-gcc10-UCRT

Version: 0.1.1
Check: PDF version of manual without hyperrefs or index
Result: ERROR
    Re-running with no redirection of stdout/stderr.
Flavor: r-devel-windows-x86_64-gcc10-UCRT