CRAN Package Check Results for Package waterquality

Last updated on 2021-06-17 15:49:27 CEST.

Flavor Version Tinstall Tcheck Ttotal Status Flags
r-devel-linux-x86_64-debian-clang 0.2.6 23.86 321.90 345.76 OK
r-devel-linux-x86_64-debian-gcc 0.2.6 20.87 260.83 281.70 OK
r-devel-linux-x86_64-fedora-clang 0.2.6 413.19 NOTE
r-devel-linux-x86_64-fedora-gcc 0.2.6 415.39 NOTE
r-devel-windows-x86_64 0.2.6 37.00 365.00 402.00 OK
r-devel-windows-x86_64-gcc10-UCRT 0.2.6 WARN
r-patched-linux-x86_64 0.2.6 24.62 317.16 341.78 OK
r-patched-solaris-x86 0.2.6 535.40 NOTE
r-release-linux-x86_64 0.2.6 23.20 312.43 335.63 OK
r-release-macos-arm64 0.2.6 WARN
r-release-macos-x86_64 0.2.6 NOTE
r-release-windows-ix86+x86_64 0.2.6 51.00 361.00 412.00 OK
r-oldrel-macos-x86_64 0.2.6 NOTE
r-oldrel-windows-ix86+x86_64 0.2.6 35.00 326.00 361.00 OK

Check Details

Version: 0.2.6
Check: dependencies in R code
Result: NOTE
    Namespaces in Imports field not imported from:
     ‘rgdal’ ‘vctrs’
     All declared Imports should be used.
Flavors: r-devel-linux-x86_64-fedora-clang, r-devel-linux-x86_64-fedora-gcc, r-devel-windows-x86_64-gcc10-UCRT, r-patched-solaris-x86, r-release-macos-arm64, r-release-macos-x86_64, r-oldrel-macos-x86_64

Version: 0.2.6
Check: package dependencies
Result: NOTE
    Packages suggested but not available for checking:
     'tmap', 'tmaptools', 'sf'
Flavor: r-devel-windows-x86_64-gcc10-UCRT

Version: 0.2.6
Check: re-building of vignette outputs
Result: WARN
    Error(s) in re-building vignettes:
     ...
    --- re-building 'waterquality_vignette.Rmd' using rmarkdown
    Loading required package: sp
    Quitting from lines 112-120 (waterquality_vignette.Rmd)
    Error: processing vignette 'waterquality_vignette.Rmd' failed with diagnostics:
    there is no package called 'tmap'
    --- failed re-building 'waterquality_vignette.Rmd'
    
    SUMMARY: processing the following file failed:
     'waterquality_vignette.Rmd'
    
    Error: Vignette re-building failed.
    Execution halted
Flavor: r-devel-windows-x86_64-gcc10-UCRT

Version: 0.2.6
Check: package dependencies
Result: NOTE
    Packages suggested but not available for checking: 'tmap', 'tmaptools'
Flavor: r-release-macos-arm64

Version: 0.2.6
Check: re-building of vignette outputs
Result: WARN
    Error(s) in re-building vignettes:
     ...
    --- re-building ‘waterquality_vignette.Rmd’ using rmarkdown
    Warning in engine$weave(file, quiet = quiet, encoding = enc) :
     Pandoc (>= 1.12.3) not available. Falling back to R Markdown v1.
    Loading required package: sp
    Quitting from lines 112-120 (waterquality_vignette.Rmd)
    Error: processing vignette 'waterquality_vignette.Rmd' failed with diagnostics:
    there is no package called 'tmap'
    --- failed re-building ‘waterquality_vignette.Rmd’
    
    SUMMARY: processing the following file failed:
     ‘waterquality_vignette.Rmd’
    
    Error: Vignette re-building failed.
    Execution halted
Flavor: r-release-macos-arm64