CRAN Package Check Results for Package vctrs

Last updated on 2021-05-10 03:49:03 CEST.

Flavor Version Tinstall Tcheck Ttotal Status Flags
r-devel-linux-x86_64-debian-clang 0.3.8 31.54 154.02 185.56 OK
r-devel-linux-x86_64-debian-gcc 0.3.8 19.84 114.56 134.40 OK
r-devel-linux-x86_64-fedora-clang 0.3.8 235.57 OK
r-devel-linux-x86_64-fedora-gcc 0.3.8 215.59 OK
r-devel-windows-ix86+x86_64 0.3.8 4.00 8.00 12.00 ERROR
r-devel-windows-x86_64-gcc10-UCRT 0.3.8 OK
r-patched-linux-x86_64 0.3.8 25.86 145.87 171.73 OK
r-patched-solaris-x86 0.3.8 287.80 OK
r-release-linux-x86_64 0.3.8 22.05 146.39 168.44 OK
r-release-macos-x86_64 0.3.8 OK
r-release-windows-ix86+x86_64 0.3.8 82.00 208.00 290.00 OK
r-oldrel-macos-x86_64 0.3.8 OK
r-oldrel-windows-ix86+x86_64 0.3.8 87.00 248.00 335.00 OK

Check Details

Version: 0.3.8
Check: whether package can be installed
Result: ERROR
    Installation failed.
Flavor: r-devel-windows-ix86+x86_64