CRAN Package Check Results for Package vcdExtra

Last updated on 2021-02-25 02:48:52 CET.

Flavor Version Tinstall Tcheck Ttotal Status Flags
r-devel-linux-x86_64-debian-clang 0.7-5 10.66 143.26 153.92 OK
r-devel-linux-x86_64-debian-gcc 0.7-5 9.31 109.35 118.66 OK
r-devel-linux-x86_64-fedora-clang 0.7-5 202.62 NOTE
r-devel-linux-x86_64-fedora-gcc 0.7-5 173.83 OK
r-devel-windows-ix86+x86_64 0.7-5 16.00 144.00 160.00 OK
r-patched-linux-x86_64 0.7-5 10.66 133.62 144.28 OK
r-patched-solaris-x86 0.7-5 243.40 OK
r-release-linux-x86_64 0.7-5 10.07 135.07 145.14 OK
r-release-macos-x86_64 0.7-5 OK
r-release-windows-ix86+x86_64 0.7-5 23.00 194.00 217.00 OK
r-oldrel-macos-x86_64 0.7-5 OK
r-oldrel-windows-ix86+x86_64 0.7-5 14.00 205.00 219.00 OK

Check Details

Version: 0.7-5
Check: Rd cross-references
Result: NOTE
    Undeclared packages ‘coin’, ‘Hmisc’ in Rd xrefs
Flavor: r-devel-linux-x86_64-fedora-clang