CRAN Package Check Results for Package vars

Last updated on 2022-12-09 14:52:52 CET.

Flavor Version Tinstall Tcheck Ttotal Status Flags
r-devel-linux-x86_64-debian-clang 1.5-6 11.14 71.92 83.06 NOTE
r-devel-linux-x86_64-debian-gcc 1.5-6 7.60 71.68 79.28 NOTE
r-devel-linux-x86_64-fedora-clang 1.5-6 112.18 NOTE
r-devel-linux-x86_64-fedora-gcc 1.5-6 109.14 NOTE
r-devel-windows-x86_64 1.5-6 34.00 166.00 200.00 NOTE
r-patched-linux-x86_64 1.5-6 8.74 64.84 73.58 OK
r-release-linux-x86_64 1.5-6 6.82 66.64 73.46 OK
r-release-macos-arm64 1.5-6 70.00 OK
r-release-macos-x86_64 1.5-6 57.00 OK
r-release-windows-x86_64 1.5-6 36.00 111.00 147.00 OK
r-oldrel-macos-arm64 1.5-6 27.00 OK
r-oldrel-macos-x86_64 1.5-6 40.00 OK
r-oldrel-windows-ix86+x86_64 1.5-6 18.00 92.00 110.00 OK

Check Details

Version: 1.5-6
Check: Rd files
Result: NOTE
    checkRd: (-1) irf.Rd:111: Escaped LaTeX specials: \&
Flavors: r-devel-linux-x86_64-debian-clang, r-devel-linux-x86_64-debian-gcc, r-devel-linux-x86_64-fedora-clang, r-devel-linux-x86_64-fedora-gcc, r-devel-windows-x86_64