CRAN Package Check Results for Package varSelRF

Last updated on 2021-09-21 15:51:28 CEST.

Flavor Version Tinstall Tcheck Ttotal Status Flags
r-devel-linux-x86_64-debian-clang 0.7-8 3.18 41.69 44.87 OK
r-devel-linux-x86_64-debian-gcc 0.7-8 2.55 32.59 35.14 OK
r-devel-linux-x86_64-fedora-clang 0.7-8 61.29 OK
r-devel-linux-x86_64-fedora-gcc 0.7-8 49.89 OK
r-devel-windows-x86_64 0.7-8 4.00 41.00 45.00 OK
r-devel-windows-x86_64-gcc10-UCRT 0.7-8 ERROR
r-patched-linux-x86_64 0.7-8 3.37 39.18 42.55 OK
r-patched-solaris-x86 0.7-8 80.30 OK
r-release-linux-x86_64 0.7-8 2.60 39.44 42.04 OK
r-release-macos-arm64 0.7-8 OK
r-release-macos-x86_64 0.7-8 OK
r-release-windows-ix86+x86_64 0.7-8 6.00 44.00 50.00 OK
r-oldrel-macos-x86_64 0.7-8 OK
r-oldrel-windows-ix86+x86_64 0.7-8 6.00 47.00 53.00 OK

Check Details

Version: 0.7-8
Check: whether package can be installed
Result: WARN
    Found the following significant warnings:
     WARNING: installation-time patches will not be applied, could not get the patches index
Flavor: r-devel-windows-x86_64-gcc10-UCRT

Version: 0.7-8
Check: PDF version of manual
Result: WARN
    LaTeX errors when creating PDF version.
    This typically indicates Rd problems.
Flavor: r-devel-windows-x86_64-gcc10-UCRT

Version: 0.7-8
Check: PDF version of manual without hyperrefs or index
Result: ERROR
    Re-running with no redirection of stdout/stderr.
Flavor: r-devel-windows-x86_64-gcc10-UCRT