CRAN Package Check Results for Package utile.tools

Last updated on 2021-06-17 15:49:26 CEST.

Flavor Version Tinstall Tcheck Ttotal Status Flags
r-devel-linux-x86_64-debian-clang 0.2.6 2.20 24.43 26.63 NOTE
r-devel-linux-x86_64-debian-gcc 0.2.6 1.59 19.37 20.96 NOTE
r-devel-linux-x86_64-fedora-clang 0.2.6 41.03 NOTE
r-devel-linux-x86_64-fedora-gcc 0.2.6 31.05 NOTE
r-devel-windows-x86_64 0.2.6 4.00 32.00 36.00 NOTE
r-devel-windows-x86_64-gcc10-UCRT 0.2.6 NOTE
r-patched-linux-x86_64 0.2.6 1.94 23.85 25.79 NOTE
r-patched-solaris-x86 0.2.6 52.20 NOTE
r-release-linux-x86_64 0.2.6 2.03 23.84 25.87 NOTE
r-release-macos-arm64 0.2.6 NOTE
r-release-macos-x86_64 0.2.6 NOTE
r-release-windows-ix86+x86_64 0.2.6 5.00 34.00 39.00 NOTE
r-oldrel-macos-x86_64 0.2.6 OK
r-oldrel-windows-ix86+x86_64 0.2.6 5.00 41.00 46.00 OK

Check Details

Version: 0.2.6
Check: LazyData
Result: NOTE
     'LazyData' is specified without a 'data' directory
Flavors: r-devel-linux-x86_64-debian-clang, r-devel-linux-x86_64-debian-gcc, r-devel-linux-x86_64-fedora-clang, r-devel-linux-x86_64-fedora-gcc, r-devel-windows-x86_64, r-devel-windows-x86_64-gcc10-UCRT, r-patched-linux-x86_64, r-patched-solaris-x86, r-release-linux-x86_64, r-release-macos-arm64, r-release-macos-x86_64, r-release-windows-ix86+x86_64

Version: 0.2.6
Check: Rd cross-references
Result: NOTE
    Undeclared package ‘dplyr’ in Rd xrefs
Flavor: r-devel-linux-x86_64-fedora-clang