CRAN Package Check Results for Package urltools

Last updated on 2021-06-16 15:50:13 CEST.

Flavor Version Tinstall Tcheck Ttotal Status Flags
r-devel-linux-x86_64-debian-clang 1.7.3 74.25 35.67 109.92 OK
r-devel-linux-x86_64-debian-gcc 1.7.3 49.47 28.22 77.69 OK
r-devel-linux-x86_64-fedora-clang 1.7.3 168.31 NOTE
r-devel-linux-x86_64-fedora-gcc 1.7.3 138.24 NOTE
r-devel-windows-x86_64 1.7.3 91.00 67.00 158.00 OK
r-devel-windows-x86_64-gcc10-UCRT 1.7.3 NOTE
r-patched-linux-x86_64 1.7.3 62.63 35.05 97.68 OK
r-patched-solaris-x86 1.7.3 149.20 NOTE
r-release-linux-x86_64 1.7.3 59.33 34.70 94.03 OK
r-release-macos-arm64 1.7.3 NOTE
r-release-macos-x86_64 1.7.3 NOTE
r-release-windows-ix86+x86_64 1.7.3 175.00 87.00 262.00 OK
r-oldrel-macos-x86_64 1.7.3 NOTE
r-oldrel-windows-ix86+x86_64 1.7.3 122.00 145.00 267.00 OK

Check Details

Version: 1.7.3
Check: Rd cross-references
Result: NOTE
    Undeclared package ‘httr’ in Rd xrefs
Flavor: r-devel-linux-x86_64-fedora-clang

Version: 1.7.3
Check: data for non-ASCII characters
Result: NOTE
     Note: found 488 marked UTF-8 strings
Flavors: r-devel-linux-x86_64-fedora-clang, r-devel-linux-x86_64-fedora-gcc, r-devel-windows-x86_64-gcc10-UCRT, r-patched-solaris-x86, r-release-macos-arm64, r-release-macos-x86_64, r-oldrel-macos-x86_64