Last updated on 2025-01-26 01:48:40 CET.
Flavor | Version | Tinstall | Tcheck | Ttotal | Status | Flags |
---|---|---|---|---|---|---|
r-devel-linux-x86_64-debian-clang | 1.4.0 | 14.79 | 126.78 | 141.57 | OK | |
r-devel-linux-x86_64-debian-gcc | 1.4.0 | 9.25 | 88.28 | 97.53 | OK | |
r-devel-linux-x86_64-fedora-clang | 1.4.0 | 230.56 | OK | |||
r-devel-linux-x86_64-fedora-gcc | 1.4.0 | 236.80 | NOTE | |||
r-devel-windows-x86_64 | 1.4.0 | 17.00 | 147.00 | 164.00 | OK | |
r-patched-linux-x86_64 | 1.4.0 | 11.30 | 117.74 | 129.04 | OK | |
r-release-linux-x86_64 | 1.4.0 | 13.47 | 118.72 | 132.19 | OK | |
r-release-macos-arm64 | 1.4.0 | 77.00 | OK | |||
r-release-macos-x86_64 | 1.4.0 | 133.00 | OK | |||
r-release-windows-x86_64 | 1.4.0 | 18.00 | 146.00 | 164.00 | OK | |
r-oldrel-macos-arm64 | 1.4.0 | 85.00 | OK | |||
r-oldrel-macos-x86_64 | 1.4.0 | 137.00 | OK | |||
r-oldrel-windows-x86_64 | 1.4.0 | 22.00 | 170.00 | 192.00 | OK |
Version: 1.4.0
Check: DESCRIPTION meta-information
Result: NOTE
Missing dependency on R >= 4.1.0 because package code uses the pipe
|> or function shorthand \(...) syntax added in R 4.1.0.
File(s) using such syntax:
‘get_ACC.R’
Flavor: r-devel-linux-x86_64-fedora-gcc