Last updated on 2021-02-24 14:47:01 CET.
Flavor | Version | Tinstall | Tcheck | Ttotal | Status | Flags |
---|---|---|---|---|---|---|
r-devel-linux-x86_64-debian-clang | 0.2-12 | 14.80 | 121.92 | 136.72 | NOTE | |
r-devel-linux-x86_64-debian-gcc | 0.2-12 | 8.77 | 91.66 | 100.43 | NOTE | |
r-devel-linux-x86_64-fedora-clang | 0.2-12 | 183.40 | NOTE | |||
r-devel-linux-x86_64-fedora-gcc | 0.2-12 | 174.75 | NOTE | |||
r-devel-windows-ix86+x86_64 | 0.2-12 | 36.00 | 173.00 | 209.00 | NOTE | |
r-patched-linux-x86_64 | 0.2-12 | 13.42 | 120.97 | 134.39 | NOTE | |
r-patched-solaris-x86 | 0.2-12 | 327.80 | NOTE | |||
r-release-linux-x86_64 | 0.2-12 | 12.46 | 120.25 | 132.71 | NOTE | |
r-release-macos-x86_64 | 0.2-12 | NOTE | ||||
r-release-windows-ix86+x86_64 | 0.2-12 | 35.00 | 210.00 | 245.00 | NOTE | |
r-oldrel-macos-x86_64 | 0.2-12 | NOTE | ||||
r-oldrel-windows-ix86+x86_64 | 0.2-12 | 28.00 | 221.00 | 249.00 | NOTE |
Version: 0.2-12
Check: package dependencies
Result: NOTE
Package suggested but not available for checking: 'corpus.JSS.papers'
Flavors: r-devel-linux-x86_64-debian-clang, r-devel-linux-x86_64-debian-gcc, r-devel-linux-x86_64-fedora-clang, r-devel-linux-x86_64-fedora-gcc, r-devel-windows-ix86+x86_64, r-patched-linux-x86_64, r-patched-solaris-x86, r-release-linux-x86_64, r-release-macos-x86_64, r-release-windows-ix86+x86_64, r-oldrel-macos-x86_64, r-oldrel-windows-ix86+x86_64