CRAN Package Check Results for Package tidyrules

Last updated on 2022-09-29 15:54:04 CEST.

Flavor Version Tinstall Tcheck Ttotal Status Flags
r-devel-linux-x86_64-debian-clang 0.1.5 7.11 88.75 95.86 NOTE
r-devel-linux-x86_64-debian-gcc 0.1.5 5.44 68.67 74.11 NOTE
r-devel-linux-x86_64-fedora-clang 0.1.5 134.35 NOTE
r-devel-linux-x86_64-fedora-gcc 0.1.5 125.84 NOTE
r-devel-windows-x86_64 0.1.5 24.00 122.00 146.00 NOTE
r-patched-linux-x86_64 0.1.5 7.36 85.22 92.58 NOTE
r-release-linux-x86_64 0.1.5 5.82 85.02 90.84 NOTE
r-release-macos-arm64 0.1.5 35.00 NOTE
r-release-macos-x86_64 0.1.5 52.00 NOTE
r-release-windows-x86_64 0.1.5 22.00 123.00 145.00 NOTE
r-oldrel-macos-arm64 0.1.5 46.00 NOTE
r-oldrel-macos-x86_64 0.1.5 65.00 NOTE
r-oldrel-windows-ix86+x86_64 0.1.5 15.00 117.00 132.00 NOTE

Check Details

Version: 0.1.5
Check: LazyData
Result: NOTE
     'LazyData' is specified without a 'data' directory
Flavors: r-devel-linux-x86_64-debian-clang, r-devel-linux-x86_64-debian-gcc, r-devel-linux-x86_64-fedora-clang, r-devel-linux-x86_64-fedora-gcc, r-devel-windows-x86_64, r-patched-linux-x86_64, r-release-linux-x86_64, r-release-macos-arm64, r-release-macos-x86_64, r-release-windows-x86_64, r-oldrel-macos-arm64, r-oldrel-macos-x86_64, r-oldrel-windows-ix86+x86_64