CRAN Package Check Results for Package symmetry

Last updated on 2021-02-25 14:47:38 CET.

Flavor Version Tinstall Tcheck Ttotal Status Flags
r-devel-linux-x86_64-debian-clang 0.2.1 239.74 34.00 273.74 OK
r-devel-linux-x86_64-debian-gcc 0.2.1 133.24 27.10 160.34 OK
r-devel-linux-x86_64-fedora-clang 0.2.1 422.87 NOTE
r-devel-linux-x86_64-fedora-gcc 0.2.1 325.86 OK
r-devel-windows-ix86+x86_64 0.2.1 356.00 67.00 423.00 OK
r-patched-linux-x86_64 0.2.1 166.88 33.23 200.11 OK
r-patched-solaris-x86 0.2.1 277.60 OK
r-release-linux-x86_64 0.2.1 159.38 33.05 192.43 OK
r-release-macos-x86_64 0.2.1 OK
r-release-windows-ix86+x86_64 0.2.1 489.00 80.00 569.00 OK
r-oldrel-macos-x86_64 0.2.1 OK
r-oldrel-windows-ix86+x86_64 0.2.1 342.00 70.00 412.00 OK

Check Details

Version: 0.2.1
Check: installed package size
Result: NOTE
     installed size is 7.4Mb
     sub-directories of 1Mb or more:
     libs 7.2Mb
Flavor: r-devel-linux-x86_64-fedora-clang