CRAN Package Check Results for Package strand

Last updated on 2023-06-08 16:56:53 CEST.

Flavor Version Tinstall Tcheck Ttotal Status Flags
r-devel-linux-x86_64-debian-clang 0.2.0 23.45 278.67 302.12 OK
r-devel-linux-x86_64-debian-gcc 0.2.0 18.14 212.89 231.03 OK
r-devel-linux-x86_64-fedora-clang 0.2.0 392.73 NOTE
r-devel-linux-x86_64-fedora-gcc 0.2.0 372.84 NOTE
r-devel-windows-x86_64 0.2.0 19.00 212.00 231.00 WARN
r-patched-linux-x86_64 0.2.0 19.53 265.54 285.07 OK
r-release-linux-x86_64 0.2.0 14.82 264.61 279.43 OK
r-release-macos-arm64 0.2.0 112.00 OK
r-release-macos-x86_64 0.2.0 213.00 OK
r-release-windows-x86_64 0.2.0 26.00 273.00 299.00 WARN
r-oldrel-macos-arm64 0.2.0 85.00 NOTE
r-oldrel-macos-x86_64 0.2.0 167.00 NOTE
r-oldrel-windows-x86_64 0.2.0 24.00 264.00 288.00 WARN

Check Details

Version: 0.2.0
Check: data for non-ASCII characters
Result: NOTE
     Note: found 1 marked UTF-8 string
Flavors: r-devel-linux-x86_64-fedora-clang, r-devel-linux-x86_64-fedora-gcc, r-oldrel-macos-arm64, r-oldrel-macos-x86_64

Version: 0.2.0
Check: dependencies in R code
Result: NOTE
     #STDOFF 2:05:08.9
     #STDOFF 8:05:43.2
     #STDOFF 7:36:41.7
     #STDOFF -0:25:21.1
     #STDOFF 1:39:49.2
     #STDOFF -0:36:44.68
     #STDOFF -4:56:01.6
     #STDOFF -3:58:29.2
     #STDOFF -4:19:18.3
     #STDOFF -5:36:13.3
     #STDOFF -4:56:16.4
     #STDOFF 2:05:08.9
     #STDOFF 8:05:43.2
     #STDOFF 7:36:41.7
     #STDOFF -0:25:21.1
     #STDOFF 1:39:49.2
     #STDOFF -0:36:44.68
     #STDOFF -4:56:01.6
     #STDOFF -3:58:29.2
     #STDOFF -4:19:18.3
     #STDOFF -5:36:13.3
     #STDOFF -4:56:16.4
Flavors: r-devel-windows-x86_64, r-release-windows-x86_64, r-oldrel-windows-x86_64

Version: 0.2.0
Check: S3 generic/method consistency
Result: WARN
     #STDOFF 2:05:08.9
     #STDOFF 8:05:43.2
     #STDOFF 7:36:41.7
     #STDOFF -0:25:21.1
     #STDOFF 1:39:49.2
     #STDOFF -0:36:44.68
     #STDOFF -4:56:01.6
     #STDOFF -3:58:29.2
     #STDOFF -4:19:18.3
     #STDOFF -5:36:13.3
     #STDOFF -4:56:16.4
     #STDOFF 2:05:08.9
     #STDOFF 8:05:43.2
     #STDOFF 7:36:41.7
     #STDOFF -0:25:21.1
     #STDOFF 1:39:49.2
     #STDOFF -0:36:44.68
     #STDOFF -4:56:01.6
     #STDOFF -3:58:29.2
     #STDOFF -4:19:18.3
     #STDOFF -5:36:13.3
     #STDOFF -4:56:16.4
    See section 'Generic functions and methods' in the 'Writing R
    Extensions' manual.
Flavors: r-devel-windows-x86_64, r-release-windows-x86_64, r-oldrel-windows-x86_64

Version: 0.2.0
Check: replacement functions
Result: WARN
     #STDOFF 2:05:08.9
     #STDOFF 8:05:43.2
     #STDOFF 7:36:41.7
     #STDOFF -0:25:21.1
     #STDOFF 1:39:49.2
     #STDOFF -0:36:44.68
     #STDOFF -4:56:01.6
     #STDOFF -3:58:29.2
     #STDOFF -4:19:18.3
     #STDOFF -5:36:13.3
     #STDOFF -4:56:16.4
     #STDOFF 2:05:08.9
     #STDOFF 8:05:43.2
     #STDOFF 7:36:41.7
     #STDOFF -0:25:21.1
     #STDOFF 1:39:49.2
     #STDOFF -0:36:44.68
     #STDOFF -4:56:01.6
     #STDOFF -3:58:29.2
     #STDOFF -4:19:18.3
     #STDOFF -5:36:13.3
     #STDOFF -4:56:16.4
    The argument of a replacement function which corresponds to the right
    hand side must be named 'value'.
Flavors: r-devel-windows-x86_64, r-release-windows-x86_64, r-oldrel-windows-x86_64

Version: 0.2.0
Check: foreign function calls
Result: NOTE
     #STDOFF 2:05:08.9
     #STDOFF 8:05:43.2
     #STDOFF 7:36:41.7
     #STDOFF -0:25:21.1
     #STDOFF 1:39:49.2
     #STDOFF -0:36:44.68
     #STDOFF -4:56:01.6
     #STDOFF -3:58:29.2
     #STDOFF -4:19:18.3
     #STDOFF -5:36:13.3
     #STDOFF -4:56:16.4
     #STDOFF 2:05:08.9
     #STDOFF 8:05:43.2
     #STDOFF 7:36:41.7
     #STDOFF -0:25:21.1
     #STDOFF 1:39:49.2
     #STDOFF -0:36:44.68
     #STDOFF -4:56:01.6
     #STDOFF -3:58:29.2
     #STDOFF -4:19:18.3
     #STDOFF -5:36:13.3
     #STDOFF -4:56:16.4
    See chapter 'System and foreign language interfaces' in the 'Writing R
    Extensions' manual.
Flavors: r-devel-windows-x86_64, r-release-windows-x86_64, r-oldrel-windows-x86_64

Version: 0.2.0
Check: R code for possible problems
Result: NOTE
     #STDOFF 2:05:08.9
     #STDOFF 8:05:43.2
     #STDOFF 7:36:41.7
     #STDOFF -0:25:21.1
     #STDOFF 1:39:49.2
     #STDOFF -0:36:44.68
     #STDOFF -4:56:01.6
     #STDOFF -3:58:29.2
     #STDOFF -4:19:18.3
     #STDOFF -5:36:13.3
     #STDOFF -4:56:16.4
     #STDOFF 2:05:08.9
     #STDOFF 8:05:43.2
     #STDOFF 7:36:41.7
     #STDOFF -0:25:21.1
     #STDOFF 1:39:49.2
     #STDOFF -0:36:44.68
     #STDOFF -4:56:01.6
     #STDOFF -3:58:29.2
     #STDOFF -4:19:18.3
     #STDOFF -5:36:13.3
     #STDOFF -4:56:16.4
Flavors: r-devel-windows-x86_64, r-release-windows-x86_64, r-oldrel-windows-x86_64

Version: 0.2.0
Check: for missing documentation entries
Result: WARN
     #STDOFF 2:05:08.9
     #STDOFF 8:05:43.2
     #STDOFF 7:36:41.7
     #STDOFF -0:25:21.1
     #STDOFF 1:39:49.2
     #STDOFF -0:36:44.68
     #STDOFF -4:56:01.6
     #STDOFF -3:58:29.2
     #STDOFF -4:19:18.3
     #STDOFF -5:36:13.3
     #STDOFF -4:56:16.4
     #STDOFF 2:05:08.9
     #STDOFF 8:05:43.2
     #STDOFF 7:36:41.7
     #STDOFF -0:25:21.1
     #STDOFF 1:39:49.2
     #STDOFF -0:36:44.68
     #STDOFF -4:56:01.6
     #STDOFF -3:58:29.2
     #STDOFF -4:19:18.3
     #STDOFF -5:36:13.3
     #STDOFF -4:56:16.4
    All user-level objects in a package should have documentation entries.
    See chapter 'Writing R documentation files' in the 'Writing R
    Extensions' manual.
Flavors: r-devel-windows-x86_64, r-release-windows-x86_64, r-oldrel-windows-x86_64

Version: 0.2.0
Check: for code/documentation mismatches
Result: WARN
     #STDOFF 2:05:08.9
     #STDOFF 8:05:43.2
     #STDOFF 7:36:41.7
     #STDOFF -0:25:21.1
     #STDOFF 1:39:49.2
     #STDOFF -0:36:44.68
     #STDOFF -4:56:01.6
     #STDOFF -3:58:29.2
     #STDOFF -4:19:18.3
     #STDOFF -5:36:13.3
     #STDOFF -4:56:16.4
     #STDOFF 2:05:08.9
     #STDOFF 8:05:43.2
     #STDOFF 7:36:41.7
     #STDOFF -0:25:21.1
     #STDOFF 1:39:49.2
     #STDOFF -0:36:44.68
     #STDOFF -4:56:01.6
     #STDOFF -3:58:29.2
     #STDOFF -4:19:18.3
     #STDOFF -5:36:13.3
     #STDOFF -4:56:16.4
     #STDOFF 2:05:08.9
     #STDOFF 8:05:43.2
     #STDOFF 7:36:41.7
     #STDOFF -0:25:21.1
     #STDOFF 1:39:49.2
     #STDOFF -0:36:44.68
     #STDOFF -4:56:01.6
     #STDOFF -3:58:29.2
     #STDOFF -4:19:18.3
     #STDOFF -5:36:13.3
     #STDOFF -4:56:16.4
     #STDOFF 2:05:08.9
     #STDOFF 8:05:43.2
     #STDOFF 7:36:41.7
     #STDOFF -0:25:21.1
     #STDOFF 1:39:49.2
     #STDOFF -0:36:44.68
     #STDOFF -4:56:01.6
     #STDOFF -3:58:29.2
     #STDOFF -4:19:18.3
     #STDOFF -5:36:13.3
     #STDOFF -4:56:16.4
     #STDOFF 2:05:08.9
     #STDOFF 8:05:43.2
     #STDOFF 7:36:41.7
     #STDOFF -0:25:21.1
     #STDOFF 1:39:49.2
     #STDOFF -0:36:44.68
     #STDOFF -4:56:01.6
     #STDOFF -3:58:29.2
     #STDOFF -4:19:18.3
     #STDOFF -5:36:13.3
     #STDOFF -4:56:16.4
     #STDOFF 2:05:08.9
     #STDOFF 8:05:43.2
     #STDOFF 7:36:41.7
     #STDOFF -0:25:21.1
     #STDOFF 1:39:49.2
     #STDOFF -0:36:44.68
     #STDOFF -4:56:01.6
     #STDOFF -3:58:29.2
     #STDOFF -4:19:18.3
     #STDOFF -5:36:13.3
     #STDOFF -4:56:16.4
Flavors: r-devel-windows-x86_64, r-release-windows-x86_64, r-oldrel-windows-x86_64

Version: 0.2.0
Check: Rd \usage sections
Result: NOTE
     #STDOFF 2:05:08.9
     #STDOFF 8:05:43.2
     #STDOFF 7:36:41.7
     #STDOFF -0:25:21.1
     #STDOFF 1:39:49.2
     #STDOFF -0:36:44.68
     #STDOFF -4:56:01.6
     #STDOFF -3:58:29.2
     #STDOFF -4:19:18.3
     #STDOFF -5:36:13.3
     #STDOFF -4:56:16.4
     #STDOFF 2:05:08.9
     #STDOFF 8:05:43.2
     #STDOFF 7:36:41.7
     #STDOFF -0:25:21.1
     #STDOFF 1:39:49.2
     #STDOFF -0:36:44.68
     #STDOFF -4:56:01.6
     #STDOFF -3:58:29.2
     #STDOFF -4:19:18.3
     #STDOFF -5:36:13.3
     #STDOFF -4:56:16.4
    The \usage entries for S3 methods should use the \method markup and not
    their full name.
    See chapter 'Writing R documentation files' in the 'Writing R
    Extensions' manual.
Flavors: r-devel-windows-x86_64, r-release-windows-x86_64, r-oldrel-windows-x86_64