CRAN Package Check Results for Package steps

Last updated on 2023-01-28 04:57:09 CET.

Flavor Version Tinstall Tcheck Ttotal Status Flags
r-devel-linux-x86_64-debian-clang 1.3.0 57.06 937.57 994.63 OK
r-devel-linux-x86_64-debian-gcc 1.3.0 47.44 689.58 737.02 OK
r-devel-linux-x86_64-fedora-clang 1.3.0 860.25 OK
r-devel-linux-x86_64-fedora-gcc 1.3.0 849.69 OK
r-patched-linux-x86_64 1.3.0 52.03 907.01 959.04 OK
r-release-linux-x86_64 1.3.0 55.12 925.76 980.88 OK
r-release-macos-arm64 1.3.0 348.00 OK
r-release-macos-x86_64 1.3.0 453.00 OK
r-release-windows-x86_64 1.3.0 81.00 1027.00 1108.00 OK
r-oldrel-macos-arm64 1.3.0 324.00 OK
r-oldrel-macos-x86_64 1.3.0 436.00 OK
r-oldrel-windows-ix86+x86_64 1.3.0 128.00 0.00 128.00 FAIL

Check Details

Version: 1.3.0
Check: re-building of vignette outputs
Result: FAIL
    Check process probably crashed or hung up for 20 minutes ... killed
    Most likely this happened in the example checks (?),
    if not, ignore the following last lines of example output:
    
    ======== End of example output (where/before crash/hang up occured ?) ========
Flavor: r-oldrel-windows-ix86+x86_64