Last updated on 2023-03-26 21:54:49 CEST.
Flavor | Version | Tinstall | Tcheck | Ttotal | Status | Flags |
---|---|---|---|---|---|---|
r-devel-linux-x86_64-debian-clang | 0.4.6 | 5.26 | 62.32 | 67.58 | OK | |
r-devel-linux-x86_64-debian-gcc | 0.4.6 | 4.19 | 47.95 | 52.14 | OK | |
r-devel-linux-x86_64-fedora-clang | 0.4.6 | 87.38 | OK | |||
r-devel-linux-x86_64-fedora-gcc | 0.5.0 | 95.07 | OK | |||
r-patched-linux-x86_64 | 0.4.6 | 5.84 | 58.61 | 64.45 | OK | |
r-release-linux-x86_64 | 0.4.6 | 5.43 | 62.17 | 67.60 | OK | |
r-release-macos-arm64 | 0.4.6 | 45.00 | OK | |||
r-release-macos-x86_64 | 0.4.6 | 54.00 | OK | |||
r-release-windows-x86_64 | 0.4.6 | 59.00 | 113.00 | 172.00 | OK | |
r-oldrel-macos-arm64 | 0.4.6 | 49.00 | OK | |||
r-oldrel-macos-x86_64 | 0.4.6 | 59.00 | OK | |||
r-oldrel-windows-ix86+x86_64 | 0.4.6 | 15.00 | 98.00 | 113.00 | NOTE |
Version: 0.4.6
Check: R code for possible problems
Result: NOTE
Initiating curl with CURL_SSL_BACKEND: openssl
Flavor: r-oldrel-windows-ix86+x86_64