Last updated on 2021-02-26 02:49:43 CET.
Flavor | Version | Tinstall | Tcheck | Ttotal | Status | Flags |
---|---|---|---|---|---|---|
r-devel-linux-x86_64-debian-clang | 1.6.0.2 | 93.01 | 111.65 | 204.66 | NOTE | |
r-devel-linux-x86_64-debian-gcc | 1.6.0.2 | 60.27 | 81.21 | 141.48 | NOTE | |
r-devel-linux-x86_64-fedora-clang | 1.6.0.2 | 274.48 | NOTE | |||
r-devel-linux-x86_64-fedora-gcc | 1.6.0.2 | 246.22 | NOTE | |||
r-devel-windows-ix86+x86_64 | 1.6.0.2 | 152.00 | 130.00 | 282.00 | NOTE | |
r-patched-linux-x86_64 | 1.6.0.2 | 71.82 | 103.30 | 175.12 | NOTE | |
r-patched-solaris-x86 | 1.6.0.2 | 265.10 | NOTE | |||
r-release-linux-x86_64 | 1.6.0.2 | 72.99 | 102.91 | 175.90 | NOTE | |
r-release-macos-x86_64 | 1.6.0.2 | NOTE | ||||
r-release-windows-ix86+x86_64 | 1.6.0.2 | 213.00 | 186.00 | 399.00 | NOTE | |
r-oldrel-macos-x86_64 | 1.6.0.2 | OK | ||||
r-oldrel-windows-ix86+x86_64 | 1.6.0.2 | 137.00 | 153.00 | 290.00 | NOTE |
Version: 1.6.0.2
Check: package dependencies
Result: NOTE
Package suggested but not available for checking: 'rPython'
Flavors: r-devel-linux-x86_64-debian-clang, r-devel-linux-x86_64-debian-gcc, r-devel-linux-x86_64-fedora-clang, r-devel-linux-x86_64-fedora-gcc, r-devel-windows-ix86+x86_64, r-patched-linux-x86_64, r-patched-solaris-x86, r-release-linux-x86_64, r-release-macos-x86_64, r-release-windows-ix86+x86_64, r-oldrel-windows-ix86+x86_64