CRAN Package Check Results for Package smile

Last updated on 2023-01-28 04:57:08 CET.

Flavor Version Tinstall Tcheck Ttotal Status Flags
r-devel-linux-x86_64-debian-clang 1.0.4.1 57.26 158.62 215.88 OK
r-devel-linux-x86_64-debian-gcc 1.0.4.1 46.38 116.52 162.90 NOTE
r-devel-linux-x86_64-fedora-clang 1.0.4.1 275.26 NOTE
r-devel-linux-x86_64-fedora-gcc 1.0.4.1 292.59 NOTE
r-patched-linux-x86_64 1.0.4.1 52.20 146.27 198.47 OK
r-release-linux-x86_64 1.0.4.1 51.65 136.02 187.67 OK
r-release-macos-arm64 1.0.4.1 74.00 NOTE
r-release-macos-x86_64 1.0.4.1 110.00 NOTE
r-release-windows-x86_64 1.0.4.1 75.00 203.00 278.00 NOTE
r-oldrel-macos-arm64 1.0.4.1 78.00 NOTE
r-oldrel-macos-x86_64 1.0.4.1 106.00 NOTE
r-oldrel-windows-ix86+x86_64 1.0.4.1 139.00 228.00 367.00 NOTE

Check Details

Version: 1.0.4.1
Check: C++ specification
Result: NOTE
     Specified C++11: please update to current default of C++17
Flavors: r-devel-linux-x86_64-debian-gcc, r-devel-linux-x86_64-fedora-clang, r-devel-linux-x86_64-fedora-gcc

Version: 1.0.4.1
Check: installed package size
Result: NOTE
     installed size is 5.8Mb
     sub-directories of 1Mb or more:
     data 4.7Mb
Flavors: r-devel-linux-x86_64-fedora-clang, r-release-macos-arm64, r-release-macos-x86_64, r-release-windows-x86_64, r-oldrel-macos-arm64, r-oldrel-macos-x86_64, r-oldrel-windows-ix86+x86_64