CRAN Package Check Results for Package sfcr

Last updated on 2021-06-17 15:49:22 CEST.

Flavor Version Tinstall Tcheck Ttotal Status Flags
r-devel-linux-x86_64-debian-clang 0.1.1 36.95 104.44 141.39 NOTE
r-devel-linux-x86_64-debian-gcc 0.1.1 26.18 78.41 104.59 NOTE
r-devel-linux-x86_64-fedora-clang 0.1.1 187.51 NOTE
r-devel-linux-x86_64-fedora-gcc 0.1.1 168.42 NOTE
r-devel-windows-x86_64 0.1.1 48.00 137.00 185.00 NOTE
r-devel-windows-x86_64-gcc10-UCRT 0.1.1 NOTE
r-patched-linux-x86_64 0.1.1 32.67 99.64 132.31 NOTE
r-patched-solaris-x86 0.1.1 216.60 NOTE
r-release-linux-x86_64 0.1.1 30.54 98.65 129.19 NOTE
r-release-macos-arm64 0.1.1 NOTE
r-release-macos-x86_64 0.1.1 NOTE
r-release-windows-ix86+x86_64 0.1.1 86.00 181.00 267.00 NOTE
r-oldrel-macos-x86_64 0.1.1 OK
r-oldrel-windows-ix86+x86_64 0.1.1 65.00 181.00 246.00 OK

Check Details

Version: 0.1.1
Check: LazyData
Result: NOTE
     'LazyData' is specified without a 'data' directory
Flavors: r-devel-linux-x86_64-debian-clang, r-devel-linux-x86_64-debian-gcc, r-devel-linux-x86_64-fedora-clang, r-devel-linux-x86_64-fedora-gcc, r-devel-windows-x86_64, r-devel-windows-x86_64-gcc10-UCRT, r-patched-linux-x86_64, r-patched-solaris-x86, r-release-linux-x86_64, r-release-macos-arm64, r-release-macos-x86_64, r-release-windows-ix86+x86_64