CRAN Package Check Results for Package sentryR

Last updated on 2021-10-21 15:51:15 CEST.

Flavor Version Tinstall Tcheck Ttotal Status Flags
r-devel-linux-x86_64-debian-clang 1.1.0 2.58 24.38 26.96 NOTE
r-devel-linux-x86_64-debian-gcc 1.1.0 1.87 19.56 21.43 NOTE
r-devel-linux-x86_64-fedora-clang 1.1.0 43.51 NOTE
r-devel-linux-x86_64-fedora-gcc 1.1.0 33.00 NOTE
r-devel-windows-x86_64 1.1.0 5.00 35.00 40.00 NOTE
r-devel-windows-x86_64-gcc10-UCRT 1.1.0 NOTE
r-patched-linux-x86_64 1.1.0 2.44 23.71 26.15 NOTE
r-patched-solaris-x86 1.1.0 50.00 NOTE
r-release-linux-x86_64 1.1.0 2.47 23.86 26.33 NOTE
r-release-macos-arm64 1.1.0 NOTE
r-release-macos-x86_64 1.1.0 NOTE
r-release-windows-ix86+x86_64 1.1.0 5.00 46.00 51.00 NOTE
r-oldrel-macos-x86_64 1.1.0 OK
r-oldrel-windows-ix86+x86_64 1.1.0 6.00 41.00 47.00 OK

Check Details

Version: 1.1.0
Check: LazyData
Result: NOTE
     'LazyData' is specified without a 'data' directory
Flavors: r-devel-linux-x86_64-debian-clang, r-devel-linux-x86_64-debian-gcc, r-devel-linux-x86_64-fedora-clang, r-devel-linux-x86_64-fedora-gcc, r-devel-windows-x86_64, r-devel-windows-x86_64-gcc10-UCRT, r-patched-linux-x86_64, r-patched-solaris-x86, r-release-linux-x86_64, r-release-macos-arm64, r-release-macos-x86_64, r-release-windows-ix86+x86_64