CRAN Package Check Results for Package secuTrialR

Last updated on 2021-08-01 03:50:22 CEST.

Flavor Version Tinstall Tcheck Ttotal Status Flags
r-devel-linux-x86_64-debian-clang 1.0.9 9.65 115.21 124.86 NOTE
r-devel-linux-x86_64-debian-gcc 1.0.9 6.86 85.19 92.05 NOTE
r-devel-linux-x86_64-fedora-clang 1.0.9 151.69 NOTE
r-devel-linux-x86_64-fedora-gcc 1.0.9 141.55 NOTE
r-devel-windows-x86_64 1.0.9 19.00 193.00 212.00 NOTE
r-devel-windows-x86_64-gcc10-UCRT 1.0.9 NOTE
r-patched-linux-x86_64 1.0.9 NOTE
r-patched-solaris-x86 1.0.9 176.70 NOTE
r-release-linux-x86_64 1.0.9 8.86 104.36 113.22 NOTE
r-release-macos-arm64 1.0.9 NOTE
r-release-macos-x86_64 1.0.9 NOTE
r-release-windows-ix86+x86_64 1.0.9 19.00 186.00 205.00 NOTE
r-oldrel-macos-x86_64 1.0.9 OK
r-oldrel-windows-ix86+x86_64 1.0.9 14.00 190.00 204.00 OK

Check Details

Version: 1.0.9
Check: LazyData
Result: NOTE
     'LazyData' is specified without a 'data' directory
Flavors: r-devel-linux-x86_64-debian-clang, r-devel-linux-x86_64-debian-gcc, r-devel-linux-x86_64-fedora-clang, r-devel-linux-x86_64-fedora-gcc, r-devel-windows-x86_64, r-devel-windows-x86_64-gcc10-UCRT, r-patched-linux-x86_64, r-patched-solaris-x86, r-release-linux-x86_64, r-release-macos-arm64, r-release-macos-x86_64, r-release-windows-ix86+x86_64