Last updated on 2023-06-04 16:55:59 CEST.
Flavor | Version | Tinstall | Tcheck | Ttotal | Status | Flags |
---|---|---|---|---|---|---|
r-devel-linux-x86_64-debian-clang | 0.3.0 | 263.14 | 166.82 | 429.96 | NOTE | |
r-devel-linux-x86_64-debian-gcc | 0.3.0 | 200.24 | 128.09 | 328.33 | NOTE | |
r-devel-linux-x86_64-fedora-clang | 0.3.0 | 822.83 | NOTE | |||
r-devel-linux-x86_64-fedora-gcc | 0.3.0 | 943.18 | OK | |||
r-devel-windows-x86_64 | 0.3.0 | 186.00 | 193.00 | 379.00 | NOTE | |
r-patched-linux-x86_64 | 0.3.0 | 193.76 | 162.20 | 355.96 | NOTE | |
r-release-linux-x86_64 | 0.3.0 | 192.85 | 159.30 | 352.15 | NOTE | |
r-release-macos-arm64 | 0.3.0 | 175.00 | NOTE | |||
r-release-macos-x86_64 | 0.3.0 | 260.00 | NOTE | |||
r-release-windows-x86_64 | 0.3.0 | 249.00 | 247.00 | 496.00 | NOTE | |
r-oldrel-macos-arm64 | 0.3.0 | 109.00 | NOTE | |||
r-oldrel-macos-x86_64 | 0.3.0 | 184.00 | NOTE | |||
r-oldrel-windows-x86_64 | 0.3.0 | 232.00 | 232.00 | 464.00 | NOTE |
Version: 0.3.0
Check: package dependencies
Result: NOTE
Package suggested but not available for checking: ‘INLA’
Flavors: r-devel-linux-x86_64-debian-clang, r-devel-linux-x86_64-debian-gcc, r-devel-windows-x86_64, r-patched-linux-x86_64, r-release-linux-x86_64, r-release-macos-arm64, r-release-macos-x86_64, r-release-windows-x86_64, r-oldrel-macos-arm64, r-oldrel-macos-x86_64, r-oldrel-windows-x86_64
Version: 0.3.0
Check: Rd cross-references
Result: NOTE
Package unavailable to check Rd xrefs: ‘INLA’
Flavors: r-devel-linux-x86_64-debian-clang, r-devel-linux-x86_64-debian-gcc, r-devel-windows-x86_64, r-patched-linux-x86_64, r-release-linux-x86_64, r-release-macos-arm64, r-release-macos-x86_64, r-release-windows-x86_64, r-oldrel-macos-arm64, r-oldrel-macos-x86_64, r-oldrel-windows-x86_64
Version: 0.3.0
Check: installed package size
Result: NOTE
installed size is 7.3Mb
sub-directories of 1Mb or more:
libs 5.5Mb
Flavors: r-devel-linux-x86_64-fedora-clang, r-devel-windows-x86_64, r-release-macos-arm64, r-release-macos-x86_64, r-release-windows-x86_64, r-oldrel-macos-arm64, r-oldrel-macos-x86_64, r-oldrel-windows-x86_64