CRAN Package Check Results for Package sandwich

Last updated on 2023-02-03 23:51:48 CET.

Flavor Version Tinstall Tcheck Ttotal Status Flags
r-devel-linux-x86_64-debian-clang 3.0-2 5.33 323.97 329.30 OK
r-devel-linux-x86_64-debian-gcc 3.0-2 4.50 240.54 245.04 OK
r-devel-linux-x86_64-fedora-clang 3.0-2 411.88 OK
r-devel-linux-x86_64-fedora-gcc 3.0-2 413.46 OK
r-patched-linux-x86_64 3.0-2 6.91 273.89 280.80 OK
r-release-linux-x86_64 3.0-2 5.10 277.24 282.34 OK
r-release-macos-arm64 3.0-2 138.00 OK
r-release-macos-x86_64 3.0-2 157.00 NOTE
r-release-windows-x86_64 3.0-2 35.00 384.00 419.00 OK
r-oldrel-macos-arm64 3.0-2 134.00 OK
r-oldrel-macos-x86_64 3.0-2 163.00 OK
r-oldrel-windows-ix86+x86_64 3.0-2 11.00 347.00 358.00 OK

Additional issues

ATLAS M1mac MKL

Check Details

Version: 3.0-2
Check: package dependencies
Result: NOTE
    Package suggested but not available for checking: ‘pcse’
Flavor: r-release-macos-x86_64

Version: 3.0-2
Check: running R code from vignettes
Result: NOTE
     ‘sandwich-CL.Rnw’... [7s/7s] NOTE
    differences from ‘sandwich-CL.Rout.save’
    63,64c63,69
    < Warning in library(package, lib.loc = lib.loc, character.only = TRUE, logical.return = TRUE, :
    < there is no package called 'pcse'
    ---
    >
    > Attaching package: 'pcse'
    >
    > The following object is masked from 'package:sandwich':
    >
    > vcovPC
    >
    165,166c170,171
    < (Intercept) 0.022201 0.028359
    < x 0.025276 0.028583
    ---
    > (Intercept) 0.022201 0.022201
    > x 0.025276 0.025276
    176,177c181,182
    < (Intercept) 0.022070 0.028359 0.022603 0.028359
    < x 0.025338 0.028581 0.025241 0.028581
    ---
    > (Intercept) 0.022070 0.022070 0.022603 0.022603
    > x 0.025338 0.025338 0.025241 0.025241
     ‘sandwich-OOP.Rnw’... [2s/2s] OK
     ‘sandwich.Rnw’... [1s/1s] OK
Flavor: r-release-macos-x86_64