CRAN Package Check Results for Package saeTrafo

Last updated on 2022-09-29 15:54:01 CEST.

Flavor Version Tinstall Tcheck Ttotal Status Flags
r-devel-linux-x86_64-debian-clang 1.0.0 26.03 200.17 226.20 OK
r-devel-linux-x86_64-debian-gcc 1.0.0 17.25 151.71 168.96 OK
r-devel-linux-x86_64-fedora-clang 1.0.0 282.63 NOTE
r-devel-linux-x86_64-fedora-gcc 1.0.0 267.58 NOTE
r-devel-windows-x86_64 1.0.0 56.00 219.00 275.00 OK
r-patched-linux-x86_64 1.0.0 24.43 190.46 214.89 OK
r-release-linux-x86_64 1.0.0 17.09 188.68 205.77 OK
r-release-macos-arm64 1.0.0 125.00 NOTE
r-release-macos-x86_64 1.0.0 172.00 NOTE
r-release-windows-x86_64 1.0.0 51.00 220.00 271.00 OK
r-oldrel-macos-arm64 1.0.0 100.00 NOTE
r-oldrel-macos-x86_64 1.0.0 161.00 NOTE
r-oldrel-windows-ix86+x86_64 1.0.0 46.00 226.00 272.00 OK

Check Details

Version: 1.0.0
Check: data for non-ASCII characters
Result: NOTE
     Note: found 63 marked Latin-1 strings
Flavors: r-devel-linux-x86_64-fedora-clang, r-devel-linux-x86_64-fedora-gcc, r-release-macos-arm64, r-release-macos-x86_64, r-oldrel-macos-arm64, r-oldrel-macos-x86_64