Last updated on 2025-01-25 13:51:17 CET.
Flavor | Version | Tinstall | Tcheck | Ttotal | Status | Flags |
---|---|---|---|---|---|---|
r-devel-linux-x86_64-debian-clang | 3.1.2 | 7.89 | 49.02 | 56.91 | NOTE | |
r-devel-linux-x86_64-debian-gcc | 3.1.2 | 5.41 | 33.32 | 38.73 | NOTE | |
r-devel-linux-x86_64-fedora-clang | 3.1.2 | 95.16 | OK | |||
r-devel-linux-x86_64-fedora-gcc | 3.1.2 | 87.33 | OK | |||
r-devel-windows-x86_64 | 3.1.2 | 9.00 | 63.00 | 72.00 | NOTE | |
r-patched-linux-x86_64 | 3.1.2 | 8.21 | 45.15 | 53.36 | OK | |
r-release-linux-x86_64 | 3.1.2 | 7.27 | 45.61 | 52.88 | OK | |
r-release-macos-arm64 | 3.1.2 | 28.00 | OK | |||
r-release-macos-x86_64 | 3.1.2 | 40.00 | OK | |||
r-release-windows-x86_64 | 3.1.2 | 12.00 | 61.00 | 73.00 | OK | |
r-oldrel-macos-arm64 | 3.1.2 | 45.00 | OK | |||
r-oldrel-macos-x86_64 | 3.1.2 | 88.00 | OK | |||
r-oldrel-windows-x86_64 | 3.1.2 | 9.00 | 69.00 | 78.00 | OK |
Version: 3.1.2
Check: Rd cross-references
Result: NOTE
Found the following Rd file(s) with Rd \link{} targets missing package
anchors:
prp.Rd: rpart, rpart.object, text.rpart, plot.rpart
rpart.plot.Rd: rpart, text.rpart, plot.rpart
rpart.predict.Rd: predict.rpart
rpart.rules.Rd: rpart
Please provide package anchors for all Rd \link{} targets not in the
package itself and the base packages.
Flavors: r-devel-linux-x86_64-debian-clang, r-devel-linux-x86_64-debian-gcc, r-devel-windows-x86_64