CRAN Package Check Results for Package rje

Last updated on 2022-08-10 15:51:34 CEST.

Flavor Version Tinstall Tcheck Ttotal Status Flags
r-devel-linux-x86_64-debian-clang 1.11.0 5.42 40.95 46.37 OK
r-devel-linux-x86_64-debian-gcc 1.11.0 3.83 31.91 35.74 OK
r-devel-linux-x86_64-fedora-clang 1.11.0 64.31 NOTE
r-devel-linux-x86_64-fedora-gcc 1.11.0 62.56 NOTE
r-devel-windows-x86_64 1.11.0 25.00 71.00 96.00 OK
r-patched-linux-x86_64 1.11.0 5.31 38.31 43.62 OK
r-release-linux-x86_64 1.11.0 OK
r-release-macos-arm64 1.11.0 23.00 NOTE
r-release-macos-x86_64 1.11.0 32.00 NOTE
r-release-windows-x86_64 1.11.0 35.00 72.00 107.00 OK
r-oldrel-macos-arm64 1.11.0 24.00 NOTE
r-oldrel-macos-x86_64 1.11.0 31.00 NOTE
r-oldrel-windows-ix86+x86_64 1.11.0 14.00 74.00 88.00 OK

Check Details

Version: 1.11.0
Check: dependencies in R code
Result: NOTE
    Namespace in Imports field not imported from: ‘knitr’
     All declared Imports should be used.
Flavors: r-devel-linux-x86_64-fedora-clang, r-devel-linux-x86_64-fedora-gcc, r-release-macos-arm64, r-release-macos-x86_64, r-oldrel-macos-arm64, r-oldrel-macos-x86_64