CRAN Package Check Results for Package rfigshare

Last updated on 2021-10-21 15:51:13 CEST.

Flavor Version Tinstall Tcheck Ttotal Status Flags
r-devel-linux-x86_64-debian-clang 0.3.7 6.51 63.62 70.13 NOTE
r-devel-linux-x86_64-debian-gcc 0.3.7 5.32 48.56 53.88 NOTE
r-devel-linux-x86_64-fedora-clang 0.3.7 93.67 NOTE
r-devel-linux-x86_64-fedora-gcc 0.3.7 81.72 NOTE
r-devel-windows-x86_64 0.3.7 11.00 72.00 83.00 NOTE
r-devel-windows-x86_64-gcc10-UCRT 0.3.7 NOTE
r-patched-linux-x86_64 0.3.7 5.54 60.84 66.38 NOTE
r-patched-solaris-x86 0.3.7 119.60 NOTE
r-release-linux-x86_64 0.3.7 6.19 59.95 66.14 NOTE
r-release-macos-arm64 0.3.7 NOTE
r-release-macos-x86_64 0.3.7 NOTE
r-release-windows-ix86+x86_64 0.3.7 16.00 85.00 101.00 NOTE
r-oldrel-macos-x86_64 0.3.7 NOTE
r-oldrel-windows-ix86+x86_64 0.3.7 17.00 89.00 106.00 NOTE

Check Details

Version: 0.3.7
Check: R code for possible problems
Result: NOTE
    fs_author_ids : <anonymous>: no visible global function definition for
     'select.list'
    fs_download : <anonymous>: no visible global function definition for
     'download.file'
    Undefined global functions or variables:
     download.file select.list
    Consider adding
     importFrom("utils", "download.file", "select.list")
    to your NAMESPACE file.
Flavors: r-devel-linux-x86_64-debian-clang, r-devel-linux-x86_64-debian-gcc, r-devel-linux-x86_64-fedora-clang, r-devel-linux-x86_64-fedora-gcc, r-devel-windows-x86_64, r-devel-windows-x86_64-gcc10-UCRT, r-patched-linux-x86_64, r-patched-solaris-x86, r-release-linux-x86_64, r-release-macos-arm64, r-release-macos-x86_64, r-release-windows-ix86+x86_64, r-oldrel-macos-x86_64, r-oldrel-windows-ix86+x86_64