CRAN Package Check Results for Package rfUtilities

Last updated on 2021-09-21 15:51:16 CEST.

Flavor Version Tinstall Tcheck Ttotal Status Flags
r-devel-linux-x86_64-debian-clang 2.1-5 6.90 48.04 54.94 NOTE
r-devel-linux-x86_64-debian-gcc 2.1-5 4.18 37.55 41.73 NOTE
r-devel-linux-x86_64-fedora-clang 2.1-5 72.99 NOTE
r-devel-linux-x86_64-fedora-gcc 2.1-5 61.70 NOTE
r-devel-windows-x86_64 2.1-5 6.00 49.00 55.00 NOTE
r-devel-windows-x86_64-gcc10-UCRT 2.1-5 ERROR
r-patched-linux-x86_64 2.1-5 5.60 45.80 51.40 NOTE
r-patched-solaris-x86 2.1-5 86.20 NOTE
r-release-linux-x86_64 2.1-5 6.33 46.60 52.93 NOTE
r-release-macos-arm64 2.1-5 NOTE
r-release-macos-x86_64 2.1-5 NOTE
r-release-windows-ix86+x86_64 2.1-5 10.00 50.00 60.00 NOTE
r-oldrel-macos-x86_64 2.1-5 OK
r-oldrel-windows-ix86+x86_64 2.1-5 10.00 51.00 61.00 OK

Check Details

Version: 2.1-5
Check: LazyData
Result: NOTE
     'LazyData' is specified without a 'data' directory
Flavors: r-devel-linux-x86_64-debian-clang, r-devel-linux-x86_64-debian-gcc, r-devel-linux-x86_64-fedora-clang, r-devel-linux-x86_64-fedora-gcc, r-devel-windows-x86_64, r-devel-windows-x86_64-gcc10-UCRT, r-patched-linux-x86_64, r-patched-solaris-x86, r-release-linux-x86_64, r-release-macos-arm64, r-release-macos-x86_64, r-release-windows-ix86+x86_64

Version: 2.1-5
Check: whether package can be installed
Result: WARN
    Found the following significant warnings:
     WARNING: installation-time patches will not be applied, could not get the patches index
Flavor: r-devel-windows-x86_64-gcc10-UCRT

Version: 2.1-5
Check: PDF version of manual
Result: WARN
    LaTeX errors when creating PDF version.
    This typically indicates Rd problems.
Flavor: r-devel-windows-x86_64-gcc10-UCRT

Version: 2.1-5
Check: PDF version of manual without hyperrefs or index
Result: ERROR
    Re-running with no redirection of stdout/stderr.
Flavor: r-devel-windows-x86_64-gcc10-UCRT