CRAN Package Check Results for Package reproducible

Last updated on 2021-06-17 15:49:19 CEST.

Flavor Version Tinstall Tcheck Ttotal Status Flags
r-devel-linux-x86_64-debian-clang 1.2.7 20.55 277.68 298.23 OK
r-devel-linux-x86_64-debian-gcc 1.2.7 18.15 215.96 234.11 OK
r-devel-linux-x86_64-fedora-clang 1.2.7 346.03 OK
r-devel-linux-x86_64-fedora-gcc 1.2.7 343.71 OK
r-devel-windows-x86_64 1.2.7 34.00 337.00 371.00 OK
r-devel-windows-x86_64-gcc10-UCRT 1.2.7 ERROR
r-patched-linux-x86_64 1.2.7 25.94 263.19 289.13 OK
r-patched-solaris-x86 1.2.7 455.50 OK
r-release-linux-x86_64 1.2.7 21.12 265.25 286.37 OK
r-release-macos-arm64 1.2.7 OK
r-release-macos-x86_64 1.2.7 OK
r-release-windows-ix86+x86_64 1.2.7 47.00 331.00 378.00 OK
r-oldrel-macos-x86_64 1.2.7 OK
r-oldrel-windows-ix86+x86_64 1.2.7 31.00 300.00 331.00 OK

Check Details

Version: 1.2.7
Check: package dependencies
Result: NOTE
    Package suggested but not available for checking: 'sf'
Flavor: r-devel-windows-x86_64-gcc10-UCRT

Version: 1.2.7
Check: Rd cross-references
Result: NOTE
    Package unavailable to check Rd xrefs: 'sf'
Flavor: r-devel-windows-x86_64-gcc10-UCRT

Version: 1.2.7
Check: examples
Result: ERROR
    Running examples in 'reproducible-Ex.R' failed
    The error most likely occurred in:
    
    > ### Name: cropInputs
    > ### Title: Crop a 'Spatial*' or 'Raster*' object
    > ### Aliases: cropInputs cropInputs.default cropInputs.spatialClasses
    > ### cropInputs.sf
    >
    > ### ** Examples
    >
    > # Add a study area to Crop and Mask to
    > # Create a "study area"
    > library(sp)
    > library(raster)
    > ow <- setwd(tempdir())
    >
    > # make a SpatialPolygon
    > coords1 <- structure(c(-123.98, -117.1, -80.2, -100, -123.98, 60.9, 67.73, 65.58, 51.79, 60.9),
    + .Dim = c(5L, 2L))
    > Sr1 <- Polygon(coords1)
    > Srs1 <- Polygons(list(Sr1), "s1")
    > shpEcozone <- SpatialPolygons(list(Srs1), 1L)
    > crs(shpEcozone) <- "+proj=longlat +datum=WGS84 +no_defs +ellps=WGS84 +towgs84=0,0,0"
    >
    > # make a "study area" that is subset of larger dataset
    > coords <- structure(c(-118.98, -116.1, -99.2, -106, -118.98, 59.9, 65.73, 63.58, 54.79, 59.9),
    + .Dim = c(5L, 2L))
    > Sr1 <- Polygon(coords)
    > Srs1 <- Polygons(list(Sr1), "s1")
    > StudyArea <- SpatialPolygons(list(Srs1), 1L)
    > crs(StudyArea) <- "+proj=longlat +datum=WGS84 +no_defs +ellps=WGS84 +towgs84=0,0,0"
    >
    > ##########
    > shpEcozonePostProcessed <- postProcess(shpEcozone, studyArea = StudyArea)
    useCache is FALSE; skipping Cache on function cropInputs)
     cropping ...
    Error in loadNamespace(x) : there is no package called 'sf'
    Checking for errors in SpatialPolygon
    please install sf package to evaluate whether there are errors in the polygons object: install.packages('sf')
     useCache is FALSE; skipping Cache on function buffer (currently running nested Cache level 2)
     Some or all of the errors fixed.
    Error in loadNamespace(x) : there is no package called 'sf'
    Checking for errors in SpatialPolygon
    please install sf package to evaluate whether there are errors in the polygons object: install.packages('sf')
     useCache is FALSE; skipping Cache on function buffer (currently running nested Cache level 2)
     Some or all of the errors fixed.
    Error in loadNamespace(x) : there is no package called 'sf'
    Checking for errors in SpatialPolygon
    please install sf package to evaluate whether there are errors in the polygons object: install.packages('sf')
     useCache is FALSE; skipping Cache on function buffer (currently running nested Cache level 2)
     Some or all of the errors fixed.
    Error in loadNamespace(x) : there is no package called 'sf'
    Checking for errors in SpatialPolygon
    please install sf package to evaluate whether there are errors in the polygons object: install.packages('sf')
     useCache is FALSE; skipping Cache on function buffer (currently running nested Cache level 2)
     Some or all of the errors fixed.
    Error in loadNamespace(x) : there is no package called 'sf'
    Calls: postProcess ... loadNamespace -> withRestarts -> withOneRestart -> doWithOneRestart
    Execution halted
Flavor: r-devel-windows-x86_64-gcc10-UCRT

Version: 1.2.7
Check: tests
Result: ERROR
     Running 'test-all.R'
Flavor: r-devel-windows-x86_64-gcc10-UCRT