CRAN Package Check Results for Package rematch

Last updated on 2021-12-03 14:52:32 CET.

Flavor Version Tinstall Tcheck Ttotal Status Flags
r-devel-linux-x86_64-debian-clang 1.0.1 1.76 19.82 21.58 NOTE
r-devel-linux-x86_64-debian-gcc 1.0.1 1.42 16.52 17.94 NOTE
r-devel-linux-x86_64-fedora-clang 1.0.1 37.31 NOTE
r-devel-linux-x86_64-fedora-gcc 1.0.1 27.28 NOTE
r-devel-windows-x86_64-new-UL 1.0.1 4.00 52.00 56.00 NOTE
r-devel-windows-x86_64-new-TK 1.0.1 NOTE
r-devel-windows-x86_64-old 1.0.1 3.00 29.00 32.00 NOTE
r-patched-linux-x86_64 1.0.1 1.61 18.97 20.58 NOTE
r-release-linux-x86_64 1.0.1 1.46 19.24 20.70 NOTE
r-release-macos-arm64 1.0.1 NOTE
r-release-macos-x86_64 1.0.1 NOTE
r-release-windows-ix86+x86_64 1.0.1 4.00 38.00 42.00 NOTE
r-oldrel-macos-x86_64 1.0.1 OK
r-oldrel-windows-ix86+x86_64 1.0.1 18.00 37.00 55.00 OK

Check Details

Version: 1.0.1
Check: LazyData
Result: NOTE
     'LazyData' is specified without a 'data' directory
Flavors: r-devel-linux-x86_64-debian-clang, r-devel-linux-x86_64-debian-gcc, r-devel-linux-x86_64-fedora-clang, r-devel-linux-x86_64-fedora-gcc, r-devel-windows-x86_64-new-UL, r-devel-windows-x86_64-new-TK, r-devel-windows-x86_64-old, r-patched-linux-x86_64, r-release-linux-x86_64, r-release-macos-arm64, r-release-macos-x86_64, r-release-windows-ix86+x86_64