CRAN Package Check Results for Package relations

Last updated on 2021-12-03 14:52:32 CET.

Flavor Version Tinstall Tcheck Ttotal Status Flags
r-devel-linux-x86_64-debian-clang 0.6-10 12.89 82.78 95.67 OK
r-devel-linux-x86_64-debian-gcc 0.6-10 9.50 63.04 72.54 OK
r-devel-linux-x86_64-fedora-clang 0.6-10 124.92 NOTE
r-devel-linux-x86_64-fedora-gcc 0.6-10 113.43 NOTE
r-devel-windows-x86_64-new-UL 0.6-10 27.00 143.00 170.00 NOTE
r-devel-windows-x86_64-new-TK 0.6-10 NOTE
r-devel-windows-x86_64-old 0.6-10 17.00 83.00 100.00 NOTE
r-patched-linux-x86_64 0.6-10 12.98 79.26 92.24 OK
r-release-linux-x86_64 0.6-10 11.62 79.94 91.56 OK
r-release-macos-arm64 0.6-10 NOTE
r-release-macos-x86_64 0.6-10 NOTE
r-release-windows-ix86+x86_64 0.6-10 18.00 111.00 129.00 NOTE
r-oldrel-macos-x86_64 0.6-10 NOTE
r-oldrel-windows-ix86+x86_64 0.6-10 28.00 110.00 138.00 NOTE

Check Details

Version: 0.6-10
Check: package dependencies
Result: NOTE
    Package which this enhances but not available for checking: ‘Rcplex’
Flavors: r-devel-linux-x86_64-fedora-clang, r-devel-linux-x86_64-fedora-gcc, r-devel-windows-x86_64-new-UL, r-devel-windows-x86_64-new-TK, r-devel-windows-x86_64-old, r-release-macos-arm64, r-release-macos-x86_64, r-release-windows-ix86+x86_64, r-oldrel-macos-x86_64, r-oldrel-windows-ix86+x86_64

Version: 0.6-10
Check: Rd cross-references
Result: NOTE
    Undeclared package ‘graph’ in Rd xrefs
Flavor: r-devel-linux-x86_64-fedora-clang