CRAN Package Check Results for Package rdrop2

Last updated on 2021-10-21 15:51:13 CEST.

Flavor Version Tinstall Tcheck Ttotal Status Flags
r-devel-linux-x86_64-debian-clang 0.8.2.1 2.66 27.04 29.70 NOTE
r-devel-linux-x86_64-debian-gcc 0.8.2.1 2.27 21.37 23.64 NOTE
r-devel-linux-x86_64-fedora-clang 0.8.2.1 46.86 NOTE
r-devel-linux-x86_64-fedora-gcc 0.8.2.1 35.98 NOTE
r-devel-windows-x86_64 0.8.2.1 6.00 39.00 45.00 NOTE
r-devel-windows-x86_64-gcc10-UCRT 0.8.2.1 NOTE
r-patched-linux-x86_64 0.8.2.1 3.19 26.31 29.50 NOTE
r-patched-solaris-x86 0.8.2.1 56.80 NOTE
r-release-linux-x86_64 0.8.2.1 2.59 26.23 28.82 NOTE
r-release-macos-arm64 0.8.2.1 NOTE
r-release-macos-x86_64 0.8.2.1 NOTE
r-release-windows-ix86+x86_64 0.8.2.1 6.00 44.00 50.00 NOTE
r-oldrel-macos-x86_64 0.8.2.1 OK
r-oldrel-windows-ix86+x86_64 0.8.2.1 7.00 48.00 55.00 OK

Check Details

Version: 0.8.2.1
Check: LazyData
Result: NOTE
     'LazyData' is specified without a 'data' directory
Flavors: r-devel-linux-x86_64-debian-clang, r-devel-linux-x86_64-debian-gcc, r-devel-linux-x86_64-fedora-clang, r-devel-linux-x86_64-fedora-gcc, r-devel-windows-x86_64, r-devel-windows-x86_64-gcc10-UCRT, r-patched-linux-x86_64, r-patched-solaris-x86, r-release-linux-x86_64, r-release-macos-arm64, r-release-macos-x86_64, r-release-windows-ix86+x86_64