Last updated on 2025-01-25 13:51:15 CET.
Flavor | Version | Tinstall | Tcheck | Ttotal | Status | Flags |
---|---|---|---|---|---|---|
r-devel-linux-x86_64-debian-clang | 0.36 | 486.35 | 203.32 | 689.67 | OK | |
r-devel-linux-x86_64-debian-gcc | 0.36 | 374.33 | 139.00 | 513.33 | OK | |
r-devel-linux-x86_64-fedora-clang | 0.36 | 916.34 | OK | |||
r-devel-linux-x86_64-fedora-gcc | 0.36 | 1476.29 | OK | |||
r-devel-windows-x86_64 | 0.36 | 524.00 | 275.00 | 799.00 | OK | |
r-patched-linux-x86_64 | 0.36 | 531.93 | 199.79 | 731.72 | OK | |
r-release-linux-x86_64 | 0.36 | 537.85 | 199.76 | 737.61 | OK | |
r-release-macos-arm64 | 0.36 | 295.00 | NOTE | |||
r-release-macos-x86_64 | 0.36 | 277.00 | NOTE | |||
r-release-windows-x86_64 | 0.36 | 509.00 | 265.00 | 774.00 | NOTE | |
r-oldrel-macos-arm64 | 0.36 | 290.00 | NOTE | |||
r-oldrel-macos-x86_64 | 0.36 | 323.00 | NOTE | |||
r-oldrel-windows-x86_64 | 0.36 | 582.00 | 318.00 | 900.00 | NOTE |
Version: 0.36
Check: installed package size
Result: NOTE
installed size is 44.5Mb
sub-directories of 1Mb or more:
extdata 3.3Mb
libs 39.9Mb
Flavors: r-release-macos-arm64, r-release-macos-x86_64, r-release-windows-x86_64, r-oldrel-macos-arm64, r-oldrel-macos-x86_64, r-oldrel-windows-x86_64