Last updated on 2021-03-02 02:47:17 CET.
Flavor | Version | Tinstall | Tcheck | Ttotal | Status | Flags |
---|---|---|---|---|---|---|
r-devel-linux-x86_64-debian-clang | 0.23.6 | OK | ||||
r-devel-linux-x86_64-debian-gcc | 0.23.6 | 48.85 | 29.13 | 77.98 | OK | |
r-devel-linux-x86_64-fedora-clang | 0.23.6 | 150.31 | NOTE | |||
r-devel-linux-x86_64-fedora-gcc | 0.23.6 | 134.36 | OK | |||
r-devel-windows-ix86+x86_64 | 0.23.6 | 163.00 | 77.00 | 240.00 | NOTE | |
r-patched-linux-x86_64 | 0.23.6 | 60.75 | 35.95 | 96.70 | OK | |
r-patched-solaris-x86 | 0.23.6 | 155.00 | OK | |||
r-release-linux-x86_64 | 0.23.6 | 54.50 | 36.09 | 90.59 | OK | |
r-release-macos-x86_64 | 0.23.6 | NOTE | ||||
r-release-windows-ix86+x86_64 | 0.23.6 | 224.00 | 98.00 | 322.00 | NOTE | |
r-oldrel-macos-x86_64 | 0.23.6 | WARN | ||||
r-oldrel-windows-ix86+x86_64 | 0.23.6 | 177.00 | 66.00 | 243.00 | NOTE |
Version: 0.23.6
Check: installed package size
Result: NOTE
installed size is 8.3Mb
sub-directories of 1Mb or more:
doc 1.1Mb
libs 6.9Mb
Flavors: r-devel-linux-x86_64-fedora-clang, r-devel-windows-ix86+x86_64, r-release-macos-x86_64, r-release-windows-ix86+x86_64, r-oldrel-macos-x86_64, r-oldrel-windows-ix86+x86_64
Version: 0.23.6
Check: for executable files
Result: WARN
Found the following executable file:
src/LICENSES/LZ4_LICENSE.txt
Source packages should not contain undeclared executable files.
See section ‘Package structure’ in the ‘Writing R Extensions’ manual.
Flavor: r-oldrel-macos-x86_64