CRAN Package Check Results for Package presser

Last updated on 2022-01-27 14:54:10 CET.

Flavor Version Tinstall Tcheck Ttotal Status Flags
r-devel-linux-x86_64-debian-clang 1.1.0 9.85 57.50 67.35 NOTE
r-devel-linux-x86_64-debian-gcc 1.1.0 7.46 44.85 52.31 NOTE
r-devel-linux-x86_64-fedora-clang 1.1.0 84.23 NOTE
r-devel-linux-x86_64-fedora-gcc 1.1.0 71.33 NOTE
r-devel-windows-x86_64-new-UL 1.1.0 80.00 90.00 170.00 NOTE
r-devel-windows-x86_64-new-TK 1.1.0 NOTE
r-patched-linux-x86_64 1.1.0 7.65 55.65 63.30 NOTE
r-release-linux-x86_64 1.1.0 6.92 55.00 61.92 NOTE
r-release-macos-arm64 1.1.0 NOTE
r-release-macos-x86_64 1.1.0 NOTE
r-release-windows-ix86+x86_64 1.1.0 31.00 106.00 137.00 NOTE
r-oldrel-macos-x86_64 1.1.0 OK
r-oldrel-windows-ix86+x86_64 1.1.0 31.00 108.00 139.00 OK

Check Details

Version: 1.1.0
Check: LazyData
Result: NOTE
     'LazyData' is specified without a 'data' directory
Flavors: r-devel-linux-x86_64-debian-clang, r-devel-linux-x86_64-debian-gcc, r-devel-linux-x86_64-fedora-clang, r-devel-linux-x86_64-fedora-gcc, r-devel-windows-x86_64-new-UL, r-devel-windows-x86_64-new-TK, r-patched-linux-x86_64, r-release-linux-x86_64, r-release-macos-arm64, r-release-macos-x86_64, r-release-windows-ix86+x86_64