CRAN Package Check Results for Package polished

Last updated on 2021-10-21 15:51:11 CEST.

Flavor Version Tinstall Tcheck Ttotal Status Flags
r-devel-linux-x86_64-debian-clang 0.4.0 11.32 82.28 93.60 OK
r-devel-linux-x86_64-debian-gcc 0.4.0 8.82 61.34 70.16 OK
r-devel-linux-x86_64-fedora-clang 0.4.0 123.01 NOTE
r-devel-linux-x86_64-fedora-gcc 0.4.0 109.67 OK
r-devel-windows-x86_64 0.4.0 18.00 126.00 144.00 OK
r-devel-windows-x86_64-gcc10-UCRT 0.4.0 OK
r-patched-linux-x86_64 0.4.0 11.24 78.04 89.28 OK
r-patched-solaris-x86 0.4.0 160.90 ERROR
r-release-linux-x86_64 0.4.0 9.16 77.82 86.98 OK
r-release-macos-arm64 0.4.0 OK
r-release-macos-x86_64 0.4.0 OK
r-release-windows-ix86+x86_64 0.4.0 27.00 123.00 150.00 OK
r-oldrel-macos-x86_64 0.4.0 OK
r-oldrel-windows-ix86+x86_64 0.4.0 25.00 126.00 151.00 OK

Check Details

Version: 0.4.0
Check: package dependencies
Result: NOTE
    Imports includes 23 non-default packages.
    Importing from so many packages makes the package vulnerable to any of
    them becoming unavailable. Move as many as possible to Suggests and
    use conditionally.
Flavor: r-devel-linux-x86_64-fedora-clang

Version: 0.4.0
Check: tests
Result: ERROR
     Running ‘testthat.R’ [5s/11s]
    Running the tests in ‘tests/testthat.R’ failed.
    Complete output:
     > library(testthat)
     > library(polished)
     > library(httr)
     >
     > test_check("polished")
     Error in curl::curl_fetch_memory(url, handle = handle) :
     SSL certificate problem: certificate has expired
     ══ Failed tests ════════════════════════════════════════════════════════════════
     ── Error (test-api-01-apps.R:6:3): can add an app to an account ────────────────
     Error in `curl::curl_fetch_memory(url, handle = handle)`: SSL certificate problem: certificate has expired
     Backtrace:
     █
     1. └─polished::add_app(app_name = test_app_name) test-api-01-apps.R:6:2
     2. └─httr::POST(...)
     3. └─httr:::request_perform(req, hu$handle$handle)
     4. ├─httr:::request_fetch(req$output, req$url, handle)
     5. └─httr:::request_fetch.write_memory(req$output, req$url, handle)
     6. └─curl::curl_fetch_memory(url, handle = handle)
     ── Error (test-api-01-apps.R:25:3): can get all apps for an account ────────────
     Error in `curl::curl_fetch_memory(url, handle = handle)`: SSL certificate problem: certificate has expired
     Backtrace:
     █
     1. └─polished::get_apps() test-api-01-apps.R:25:2
     2. └─httr::GET(...)
     3. └─httr:::request_perform(req, hu$handle$handle)
     4. ├─httr:::request_fetch(req$output, req$url, handle)
     5. └─httr:::request_fetch.write_memory(req$output, req$url, handle)
     6. └─curl::curl_fetch_memory(url, handle = handle)
     ── Error (test-api-01-apps.R:35:3): can get an app by app_name ─────────────────
     Error in `curl::curl_fetch_memory(url, handle = handle)`: SSL certificate problem: certificate has expired
     Backtrace:
     █
     1. └─polished::get_apps(app_name = "test_app") test-api-01-apps.R:35:2
     2. └─httr::GET(...)
     3. └─httr:::request_perform(req, hu$handle$handle)
     4. ├─httr:::request_fetch(req$output, req$url, handle)
     5. └─httr:::request_fetch.write_memory(req$output, req$url, handle)
     6. └─curl::curl_fetch_memory(url, handle = handle)
     ── Error (test-api-01-apps.R:46:3): can get an app by app_uid ──────────────────
     Error in `curl::curl_fetch_memory(url, handle = handle)`: SSL certificate problem: certificate has expired
     Backtrace:
     █
     1. └─polished::get_apps(app_uid = test_app_info$uid) test-api-01-apps.R:46:2
     2. └─httr::GET(...)
     3. └─httr:::request_perform(req, hu$handle$handle)
     4. ├─httr:::request_fetch(req$output, req$url, handle)
     5. └─httr:::request_fetch.write_memory(req$output, req$url, handle)
     6. └─curl::curl_fetch_memory(url, handle = handle)
     ── Error (test-api-01-apps.R:57:3): can update an app ──────────────────────────
     Error in `curl::curl_fetch_memory(url, handle = handle)`: SSL certificate problem: certificate has expired
     Backtrace:
     █
     1. └─polished::update_app(...) test-api-01-apps.R:57:2
     2. └─httr::PUT(...)
     3. └─httr:::request_perform(req, hu$handle$handle)
     4. ├─httr:::request_fetch(req$output, req$url, handle)
     5. └─httr:::request_fetch.write_memory(req$output, req$url, handle)
     6. └─curl::curl_fetch_memory(url, handle = handle)
     ── Error (test-api-01-apps.R:70:3): can delete an app ──────────────────────────
     Error in `curl::curl_fetch_memory(url, handle = handle)`: SSL certificate problem: certificate has expired
     Backtrace:
     █
     1. └─polished::delete_app(app_uid = test_app_info$uid) test-api-01-apps.R:70:2
     2. └─httr::DELETE(...)
     3. └─httr:::request_perform(req, hu$handle$handle)
     4. ├─httr:::request_fetch(req$output, req$url, handle)
     5. └─httr:::request_fetch.write_memory(req$output, req$url, handle)
     6. └─curl::curl_fetch_memory(url, handle = handle)
     ── Error (test-api-02-users.R:17:3): can add a user to an account ──────────────
     Error in `curl::curl_fetch_memory(url, handle = handle)`: SSL certificate problem: certificate has expired
     Backtrace:
     █
     1. └─polished::add_user(email = test_email) test-api-02-users.R:17:2
     2. └─httr::POST(...)
     3. └─httr:::request_perform(req, hu$handle$handle)
     4. ├─httr:::request_fetch(req$output, req$url, handle)
     5. └─httr:::request_fetch.write_memory(req$output, req$url, handle)
     6. └─curl::curl_fetch_memory(url, handle = handle)
     ── Error (test-api-02-users.R:37:3): can get all users for an account ──────────
     Error in `curl::curl_fetch_memory(url, handle = handle)`: SSL certificate problem: certificate has expired
     Backtrace:
     █
     1. └─polished::get_users() test-api-02-users.R:37:2
     2. └─httr::GET(...)
     3. └─httr:::request_perform(req, hu$handle$handle)
     4. ├─httr:::request_fetch(req$output, req$url, handle)
     5. └─httr:::request_fetch.write_memory(req$output, req$url, handle)
     6. └─curl::curl_fetch_memory(url, handle = handle)
     ── Error (test-api-02-users.R:47:3): can get a app by email ────────────────────
     Error in `curl::curl_fetch_memory(url, handle = handle)`: SSL certificate problem: certificate has expired
     Backtrace:
     █
     1. └─polished::get_users(email = test_email) test-api-02-users.R:47:2
     2. └─httr::GET(...)
     3. └─httr:::request_perform(req, hu$handle$handle)
     4. ├─httr:::request_fetch(req$output, req$url, handle)
     5. └─httr:::request_fetch.write_memory(req$output, req$url, handle)
     6. └─curl::curl_fetch_memory(url, handle = handle)
     ── Error (test-api-02-users.R:57:3): can get a user by user_uid ────────────────
     Error in `curl::curl_fetch_memory(url, handle = handle)`: SSL certificate problem: certificate has expired
     Backtrace:
     █
     1. └─polished::get_users(user_uid = test_user_info$uid) test-api-02-users.R:57:2
     2. └─httr::GET(...)
     3. └─httr:::request_perform(req, hu$handle$handle)
     4. ├─httr:::request_fetch(req$output, req$url, handle)
     5. └─httr:::request_fetch.write_memory(req$output, req$url, handle)
     6. └─curl::curl_fetch_memory(url, handle = handle)
     ── Error (test-api-02-users.R:68:3): can delete a user ─────────────────────────
     Error in `curl::curl_fetch_memory(url, handle = handle)`: SSL certificate problem: certificate has expired
     Backtrace:
     █
     1. └─polished::delete_user(user_uid = test_user_info$uid) test-api-02-users.R:68:2
     2. └─httr::DELETE(...)
     3. └─httr:::request_perform(req, hu$handle$handle)
     4. ├─httr:::request_fetch(req$output, req$url, handle)
     5. └─httr:::request_fetch.write_memory(req$output, req$url, handle)
     6. └─curl::curl_fetch_memory(url, handle = handle)
     ── Error (test-api-03-app-users.R:3:1): (code run outside of `test_that()`) ────
     Error in `curl::curl_fetch_memory(url, handle = handle)`: SSL certificate problem: certificate has expired
     Backtrace:
     █
     1. └─polished::get_apps(app_name = "polished_test") test-api-03-app-users.R:3:0
     2. └─httr::GET(...)
     3. └─httr:::request_perform(req, hu$handle$handle)
     4. ├─httr:::request_fetch(req$output, req$url, handle)
     5. └─httr:::request_fetch.write_memory(req$output, req$url, handle)
     6. └─curl::curl_fetch_memory(url, handle = handle)
     ── Error (test-api-04-roles.R:7:3): can add a role to an account ───────────────
     Error in `curl::curl_fetch_memory(url, handle = handle)`: SSL certificate problem: certificate has expired
     Backtrace:
     █
     1. └─polished::add_role(role_name = test_role) test-api-04-roles.R:7:2
     2. └─httr::POST(...)
     3. └─httr:::request_perform(req, hu$handle$handle)
     4. ├─httr:::request_fetch(req$output, req$url, handle)
     5. └─httr:::request_fetch.write_memory(req$output, req$url, handle)
     6. └─curl::curl_fetch_memory(url, handle = handle)
     ── Error (test-api-04-roles.R:28:3): can get all roles for an account ──────────
     Error in `curl::curl_fetch_memory(url, handle = handle)`: SSL certificate problem: certificate has expired
     Backtrace:
     █
     1. └─polished::get_roles() test-api-04-roles.R:28:2
     2. └─httr::GET(...)
     3. └─httr:::request_perform(req, hu$handle$handle)
     4. ├─httr:::request_fetch(req$output, req$url, handle)
     5. └─httr:::request_fetch.write_memory(req$output, req$url, handle)
     6. └─curl::curl_fetch_memory(url, handle = handle)
     ── Error (test-api-04-roles.R:39:3): can get a role by uid ─────────────────────
     Error in `curl::curl_fetch_memory(url, handle = handle)`: SSL certificate problem: certificate has expired
     Backtrace:
     █
     1. └─polished::get_roles(role_uid = role_info$uid) test-api-04-roles.R:39:2
     2. └─httr::GET(...)
     3. └─httr:::request_perform(req, hu$handle$handle)
     4. ├─httr:::request_fetch(req$output, req$url, handle)
     5. └─httr:::request_fetch.write_memory(req$output, req$url, handle)
     6. └─curl::curl_fetch_memory(url, handle = handle)
     ── Error (test-api-04-roles.R:52:3): can delete a role ─────────────────────────
     Error in `curl::curl_fetch_memory(url, handle = handle)`: SSL certificate problem: certificate has expired
     Backtrace:
     █
     1. └─polished::delete_role(role_uid = role_info$uid) test-api-04-roles.R:52:2
     2. └─httr::DELETE(...)
     3. └─httr:::request_perform(req, hu$handle$handle)
     4. ├─httr:::request_fetch(req$output, req$url, handle)
     5. └─httr:::request_fetch.write_memory(req$output, req$url, handle)
     6. └─curl::curl_fetch_memory(url, handle = handle)
     ── Error (test-api-05-user_roles.R:5:1): (code run outside of `test_that()`) ───
     Error in `curl::curl_fetch_memory(url, handle = handle)`: SSL certificate problem: certificate has expired
     Backtrace:
     █
     1. └─polished::get_roles(role_uid = "da782793-cfac-45c1-8a55-02af4ce6011e") test-api-05-user_roles.R:5:0
     2. └─httr::GET(...)
     3. └─httr:::request_perform(req, hu$handle$handle)
     4. ├─httr:::request_fetch(req$output, req$url, handle)
     5. └─httr:::request_fetch.write_memory(req$output, req$url, handle)
     6. └─curl::curl_fetch_memory(url, handle = handle)
    
     [ FAIL 17 | WARN 0 | SKIP 0 | PASS 0 ]
     Error: Test failures
     Execution halted
Flavor: r-patched-solaris-x86