CRAN Package Check Results for Package poems

Last updated on 2022-06-30 03:53:30 CEST.

Flavor Version Tinstall Tcheck Ttotal Status Flags
r-devel-linux-x86_64-debian-clang 1.0.2 27.98 269.05 297.03 OK
r-devel-linux-x86_64-debian-gcc 1.0.2 22.23 191.12 213.35 OK
r-devel-linux-x86_64-fedora-clang 1.0.2 362.03 NOTE
r-devel-linux-x86_64-fedora-gcc 1.0.2 359.44 NOTE
r-devel-windows-x86_64 1.0.2 53.00 690.00 743.00 OK
r-patched-linux-x86_64 1.0.2 29.25 242.68 271.93 OK
r-release-linux-x86_64 1.0.2 24.61 253.67 278.28 OK
r-release-macos-arm64 1.0.2 92.00 NOTE
r-release-macos-x86_64 1.0.2 119.00 NOTE
r-release-windows-x86_64 1.0.2 59.00 682.00 741.00 OK
r-oldrel-macos-arm64 1.0.2 95.00 NOTE
r-oldrel-macos-x86_64 1.0.2 134.00 NOTE
r-oldrel-windows-ix86+x86_64 1.0.2 45.00 687.00 732.00 OK

Check Details

Version: 1.0.2
Check: dependencies in R code
Result: NOTE
    Namespaces in Imports field not imported from:
     ‘abc’ ‘doParallel’ ‘gdistance’ ‘geosphere’ ‘lhs’ ‘metRology’ ‘raster’
     ‘trend’
     All declared Imports should be used.
Flavors: r-devel-linux-x86_64-fedora-clang, r-devel-linux-x86_64-fedora-gcc, r-release-macos-arm64, r-release-macos-x86_64, r-oldrel-macos-arm64, r-oldrel-macos-x86_64