CRAN Package Check Results for Package plot3logit

Last updated on 2021-09-21 15:51:11 CEST.

Flavor Version Tinstall Tcheck Ttotal Status Flags
r-devel-linux-x86_64-debian-clang 3.1.0 7.85 131.22 139.07 OK
r-devel-linux-x86_64-debian-gcc 3.1.0 7.19 93.84 101.03 OK
r-devel-linux-x86_64-fedora-clang 3.1.0 171.62 OK
r-devel-linux-x86_64-fedora-gcc 3.1.0 157.59 OK
r-devel-windows-x86_64 3.1.0 11.00 122.00 133.00 OK
r-devel-windows-x86_64-gcc10-UCRT 3.1.0 ERROR
r-patched-linux-x86_64 3.1.0 14.22 121.62 135.84 OK
r-patched-solaris-x86 3.1.0 235.40 OK
r-release-linux-x86_64 3.1.0 8.44 120.68 129.12 OK
r-release-macos-arm64 3.1.0 OK
r-release-macos-x86_64 3.1.0 OK
r-release-windows-ix86+x86_64 3.1.0 22.00 122.00 144.00 OK
r-oldrel-macos-x86_64 3.1.0 OK
r-oldrel-windows-ix86+x86_64 3.1.0 22.00 116.00 138.00 OK

Check Details

Version: 3.1.0
Check: whether package can be installed
Result: WARN
    Found the following significant warnings:
     WARNING: installation-time patches will not be applied, could not get the patches index
Flavor: r-devel-windows-x86_64-gcc10-UCRT

Version: 3.1.0
Check: PDF version of manual
Result: WARN
    LaTeX errors when creating PDF version.
    This typically indicates Rd problems.
Flavor: r-devel-windows-x86_64-gcc10-UCRT

Version: 3.1.0
Check: PDF version of manual without hyperrefs or index
Result: ERROR
    Re-running with no redirection of stdout/stderr.
Flavor: r-devel-windows-x86_64-gcc10-UCRT