CRAN Package Check Results for Package outcomerate

Last updated on 2021-09-21 15:51:09 CEST.

Flavor Version Tinstall Tcheck Ttotal Status Flags
r-devel-linux-x86_64-debian-clang 1.0.1 2.19 33.97 36.16 OK
r-devel-linux-x86_64-debian-gcc 1.0.1 1.56 26.20 27.76 OK
r-devel-linux-x86_64-fedora-clang 1.0.1 51.74 OK
r-devel-linux-x86_64-fedora-gcc 1.0.1 41.53 OK
r-devel-windows-x86_64 1.0.1 4.00 42.00 46.00 OK
r-devel-windows-x86_64-gcc10-UCRT 1.0.1 ERROR
r-patched-linux-x86_64 1.0.1 2.37 31.88 34.25 OK
r-patched-solaris-x86 1.0.1 64.40 OK
r-release-linux-x86_64 1.0.1 2.25 31.83 34.08 OK
r-release-macos-arm64 1.0.1 OK
r-release-macos-x86_64 1.0.1 OK
r-release-windows-ix86+x86_64 1.0.1 6.00 38.00 44.00 OK
r-oldrel-macos-x86_64 1.0.1 OK
r-oldrel-windows-ix86+x86_64 1.0.1 6.00 39.00 45.00 OK

Check Details

Version: 1.0.1
Check: whether package can be installed
Result: WARN
    Found the following significant warnings:
     WARNING: installation-time patches will not be applied, could not get the patches index
Flavor: r-devel-windows-x86_64-gcc10-UCRT

Version: 1.0.1
Check: PDF version of manual
Result: WARN
    LaTeX errors when creating PDF version.
    This typically indicates Rd problems.
Flavor: r-devel-windows-x86_64-gcc10-UCRT

Version: 1.0.1
Check: PDF version of manual without hyperrefs or index
Result: ERROR
    Re-running with no redirection of stdout/stderr.
Flavor: r-devel-windows-x86_64-gcc10-UCRT