CRAN Package Check Results for Package officer

Last updated on 2021-10-21 15:51:09 CEST.

Flavor Version Tinstall Tcheck Ttotal Status Flags
r-devel-linux-x86_64-debian-clang 0.4.0 17.98 95.67 113.65 OK
r-devel-linux-x86_64-debian-gcc 0.4.0 15.68 71.96 87.64 OK
r-devel-linux-x86_64-fedora-clang 0.4.0 150.90 OK
r-devel-linux-x86_64-fedora-gcc 0.4.0 140.29 OK
r-devel-windows-x86_64 0.4.0 30.00 147.00 177.00 OK
r-devel-windows-x86_64-gcc10-UCRT 0.4.0 OK
r-patched-linux-x86_64 0.4.0 19.44 93.07 112.51 OK
r-patched-solaris-x86 0.4.0 175.50 NOTE
r-release-linux-x86_64 0.4.0 18.82 91.64 110.46 OK
r-release-macos-arm64 0.4.0 OK
r-release-macos-x86_64 0.4.0 OK
r-release-windows-ix86+x86_64 0.4.0 24.00 135.00 159.00 OK
r-oldrel-macos-x86_64 0.4.0 OK
r-oldrel-windows-ix86+x86_64 0.4.0 31.00 135.00 166.00 OK

Check Details

Version: 0.4.0
Check: package dependencies
Result: NOTE
    Package suggested but not available for checking: ‘rsvg’
Flavor: r-patched-solaris-x86