Last updated on 2023-09-24 03:56:10 CEST.
Flavor | Version | Tinstall | Tcheck | Ttotal | Status | Flags |
---|---|---|---|---|---|---|
r-devel-linux-x86_64-debian-clang | 0.5-6 | 3.61 | 115.47 | 119.08 | OK | |
r-devel-linux-x86_64-debian-gcc | 0.5-6 | 3.56 | 75.91 | 79.47 | OK | |
r-devel-linux-x86_64-fedora-clang | 0.5-6 | 123.60 | OK | |||
r-devel-linux-x86_64-fedora-gcc | 0.5-6 | 130.44 | OK | |||
r-devel-windows-x86_64 | 0.5-6 | 6.00 | 112.00 | 118.00 | OK | |
r-patched-linux-x86_64 | 0.5-6 | 3.94 | 94.10 | 98.04 | OK | |
r-release-linux-x86_64 | 0.5-6 | 4.40 | 60.47 | 64.87 | NOTE | |
r-release-macos-arm64 | 0.5-6 | 62.00 | OK | |||
r-release-macos-x86_64 | 0.5-6 | 137.00 | OK | |||
r-release-windows-x86_64 | 0.5-6 | 8.00 | 113.00 | 121.00 | OK | |
r-oldrel-macos-arm64 | 0.5-6 | 77.00 | OK | |||
r-oldrel-macos-x86_64 | 0.5-6 | 79.00 | OK | |||
r-oldrel-windows-x86_64 | 0.5-6 | 7.00 | 125.00 | 132.00 | OK |
Version: 0.5-6
Check: package dependencies
Result: NOTE
Package suggested but not available for checking: ‘tidySEM’
Flavor: r-release-linux-x86_64