CRAN Package Check Results for Package nonnest2

Last updated on 2022-09-29 15:53:55 CEST.

Flavor Version Tinstall Tcheck Ttotal Status Flags
r-devel-linux-x86_64-debian-clang 0.5-5 4.64 60.13 64.77 NOTE
r-devel-linux-x86_64-debian-gcc 0.5-5 2.89 47.06 49.95 NOTE
r-devel-linux-x86_64-fedora-clang 0.5-5 92.68 NOTE
r-devel-linux-x86_64-fedora-gcc 0.5-5 93.26 NOTE
r-devel-windows-x86_64 0.5-5 13.00 90.00 103.00 NOTE
r-patched-linux-x86_64 0.5-5 4.43 58.37 62.80 NOTE
r-release-linux-x86_64 0.5-5 4.09 58.57 62.66 NOTE
r-release-macos-arm64 0.5-5 29.00 NOTE
r-release-macos-x86_64 0.5-5 39.00 NOTE
r-release-windows-x86_64 0.5-5 20.00 93.00 113.00 NOTE
r-oldrel-macos-arm64 0.5-5 32.00 NOTE
r-oldrel-macos-x86_64 0.5-5 49.00 NOTE
r-oldrel-windows-ix86+x86_64 0.5-5 10.00 92.00 102.00 NOTE

Check Details

Version: 0.5-5
Check: LazyData
Result: NOTE
     'LazyData' is specified without a 'data' directory
Flavors: r-devel-linux-x86_64-debian-clang, r-devel-linux-x86_64-debian-gcc, r-devel-linux-x86_64-fedora-clang, r-devel-linux-x86_64-fedora-gcc, r-devel-windows-x86_64, r-patched-linux-x86_64, r-release-linux-x86_64, r-release-macos-arm64, r-release-macos-x86_64, r-release-windows-x86_64, r-oldrel-macos-arm64, r-oldrel-macos-x86_64, r-oldrel-windows-ix86+x86_64