Last updated on 2023-09-24 03:56:09 CEST.
Flavor | Version | Tinstall | Tcheck | Ttotal | Status | Flags |
---|---|---|---|---|---|---|
r-devel-linux-x86_64-debian-clang | 0.3.7 | 84.26 | 81.60 | 165.86 | NOTE | |
r-devel-linux-x86_64-debian-gcc | 0.3.7 | 59.91 | 62.18 | 122.09 | NOTE | |
r-devel-linux-x86_64-fedora-clang | 0.3.7 | 240.19 | NOTE | |||
r-devel-linux-x86_64-fedora-gcc | 0.3.7 | 239.81 | NOTE | |||
r-devel-windows-x86_64 | 0.3.7 | 63.00 | 108.00 | 171.00 | NOTE | |
r-patched-linux-x86_64 | 0.3.7 | 78.36 | 79.49 | 157.85 | NOTE | |
r-release-linux-x86_64 | 0.3.7 | 82.14 | 79.55 | 161.69 | NOTE | |
r-release-macos-arm64 | 0.3.7 | 66.00 | NOTE | |||
r-release-macos-x86_64 | 0.3.7 | 117.00 | NOTE | |||
r-release-windows-x86_64 | 0.3.7 | 82.00 | 126.00 | 208.00 | NOTE | |
r-oldrel-macos-arm64 | 0.3.7 | 64.00 | OK | |||
r-oldrel-macos-x86_64 | 0.3.7 | 78.00 | OK | |||
r-oldrel-windows-x86_64 | 0.3.7 | 81.00 | 116.00 | 197.00 | OK |
Version: 0.3.7
Check: C++ specification
Result: NOTE
Specified C++11: please drop specification unless essential
Flavors: r-devel-linux-x86_64-debian-clang, r-devel-linux-x86_64-debian-gcc, r-devel-linux-x86_64-fedora-clang, r-devel-linux-x86_64-fedora-gcc, r-devel-windows-x86_64, r-patched-linux-x86_64, r-release-linux-x86_64, r-release-macos-arm64, r-release-macos-x86_64, r-release-windows-x86_64