Last updated on 2021-04-19 03:49:19 CEST.
Flavor | Version | Tinstall | Tcheck | Ttotal | Status | Flags |
---|---|---|---|---|---|---|
r-devel-linux-x86_64-debian-clang | 0.2-23 | 4.17 | 32.48 | 36.65 | OK | |
r-devel-linux-x86_64-debian-gcc | 0.2-23 | 3.06 | 25.84 | 28.90 | OK | |
r-devel-linux-x86_64-fedora-clang | 0.2-23 | 53.22 | OK | |||
r-devel-linux-x86_64-fedora-gcc | 0.2-23 | 43.65 | OK | |||
r-devel-windows-ix86+x86_64 | 0.2-23 | 10.00 | 4.00 | 14.00 | ERROR | |
r-devel-windows-x86_64-gcc10-UCRT | 0.2-23 | OK | ||||
r-patched-linux-x86_64 | 0.2-23 | 3.47 | 31.48 | 34.95 | OK | |
r-patched-solaris-x86 | 0.2-23 | 73.90 | OK | |||
r-release-linux-x86_64 | 0.2-23 | 3.57 | 31.67 | 35.24 | OK | |
r-release-macos-x86_64 | 0.2-23 | OK | ||||
r-release-windows-ix86+x86_64 | 0.2-23 | 10.00 | 40.00 | 50.00 | OK | |
r-oldrel-macos-x86_64 | 0.2-23 | OK | ||||
r-oldrel-windows-ix86+x86_64 | 0.2-23 | 13.00 | 55.00 | 68.00 | OK |
Version: 0.2-23
Check: whether package can be installed
Result: ERROR
Installation failed.
Flavor: r-devel-windows-ix86+x86_64