Last updated on 2022-08-19 15:52:32 CEST.
Flavor | Version | Tinstall | Tcheck | Ttotal | Status | Flags |
---|---|---|---|---|---|---|
r-devel-linux-x86_64-debian-clang | 1.2.2 | 31.02 | 606.59 | 637.61 | OK | |
r-devel-linux-x86_64-debian-gcc | 1.2.2 | 24.65 | 430.56 | 455.21 | OK | |
r-devel-linux-x86_64-fedora-clang | 1.2.2 | 750.44 | NOTE | |||
r-devel-linux-x86_64-fedora-gcc | 1.2.2 | 772.94 | OK | |||
r-devel-windows-x86_64 | 1.2.2 | 193.00 | 617.00 | 810.00 | OK | |
r-patched-linux-x86_64 | 1.2.2 | 38.31 | 568.89 | 607.20 | OK | |
r-release-linux-x86_64 | 1.2.2 | OK | ||||
r-release-macos-arm64 | 1.2.2 | 201.00 | OK | |||
r-release-macos-x86_64 | 1.2.2 | 241.00 | OK | |||
r-release-windows-x86_64 | 1.2.2 | 173.00 | 618.00 | 791.00 | OK | |
r-oldrel-macos-arm64 | 1.2.2 | 210.00 | OK | |||
r-oldrel-macos-x86_64 | 1.2.2 | 234.00 | OK | |||
r-oldrel-windows-ix86+x86_64 | 1.2.2 | 64.00 | 657.00 | 721.00 | OK |
Version: 1.2.2
Check: package dependencies
Result: NOTE
Imports includes 29 non-default packages.
Importing from so many packages makes the package vulnerable to any of
them becoming unavailable. Move as many as possible to Suggests and
use conditionally.
Flavor: r-devel-linux-x86_64-fedora-clang