CRAN Package Check Results for Package modchart

Last updated on 2023-03-26 21:54:41 CEST.

Flavor Version Tinstall Tcheck Ttotal Status Flags
r-devel-linux-x86_64-debian-clang 0.5 36.66 103.86 140.52 OK
r-devel-linux-x86_64-debian-gcc 0.5 33.31 79.38 112.69 OK
r-devel-linux-x86_64-fedora-clang 0.5 176.67 NOTE
r-devel-linux-x86_64-fedora-gcc 0.5 168.01 NOTE
r-patched-linux-x86_64 0.5 30.17 97.23 127.40 OK
r-release-linux-x86_64 0.5 24.80 100.17 124.97 OK
r-release-macos-arm64 0.5 45.00 NOTE
r-release-macos-x86_64 0.5 93.00 NOTE
r-release-windows-x86_64 0.5 78.00 133.00 211.00 OK
r-oldrel-macos-arm64 0.5 59.00 NOTE
r-oldrel-macos-x86_64 0.5 93.00 NOTE
r-oldrel-windows-ix86+x86_64 0.5 63.00 128.00 191.00 NOTE

Check Details

Version: 0.5
Check: package dependencies
Result: NOTE
    Imports includes 22 non-default packages.
    Importing from so many packages makes the package vulnerable to any of
    them becoming unavailable. Move as many as possible to Suggests and
    use conditionally.
Flavor: r-devel-linux-x86_64-fedora-clang

Version: 0.5
Check: dependencies in R code
Result: NOTE
    Namespace in Imports field not imported from: ‘lazyeval’
     All declared Imports should be used.
Flavors: r-devel-linux-x86_64-fedora-clang, r-devel-linux-x86_64-fedora-gcc, r-release-macos-arm64, r-release-macos-x86_64, r-oldrel-macos-arm64, r-oldrel-macos-x86_64

Version: 0.5
Check: R code for possible problems
Result: NOTE
    Initiating curl with CURL_SSL_BACKEND: openssl
Flavor: r-oldrel-windows-ix86+x86_64