CRAN Package Check Results for Package missSBM

Last updated on 2022-01-27 14:54:06 CET.

Flavor Version Tinstall Tcheck Ttotal Status Flags
r-devel-linux-x86_64-debian-clang 1.0.1 122.81 356.97 479.78 OK
r-devel-linux-x86_64-debian-gcc 1.0.1 87.46 263.25 350.71 OK
r-devel-linux-x86_64-fedora-clang 1.0.1 211.65 ERROR
r-devel-linux-x86_64-fedora-gcc 1.0.1 179.53 ERROR
r-devel-windows-x86_64-new-UL 1.0.1 140.00 461.00 601.00 OK
r-devel-windows-x86_64-new-TK 1.0.1 ERROR
r-patched-linux-x86_64 1.0.1 108.07 340.36 448.43 OK
r-release-linux-x86_64 1.0.1 107.50 336.16 443.66 OK
r-release-macos-arm64 1.0.1 NOTE
r-release-macos-x86_64 1.0.1 NOTE
r-release-windows-ix86+x86_64 1.0.1 266.00 754.00 1020.00 OK
r-oldrel-macos-x86_64 1.0.1 NOTE
r-oldrel-windows-ix86+x86_64 1.0.1 264.00 738.00 1002.00 OK

Additional issues

gcc-ASAN

Check Details

Version: 1.0.1
Check: whether package can be installed
Result: ERROR
    Installation failed.
Flavors: r-devel-linux-x86_64-fedora-clang, r-devel-linux-x86_64-fedora-gcc

Version: 1.0.1
Check: package dependencies
Result: ERROR
    Package required but not available: 'nloptr'
    
    See section 'The DESCRIPTION file' in the 'Writing R Extensions'
    manual.
Flavor: r-devel-windows-x86_64-new-TK

Version: 1.0.1
Check: installed package size
Result: NOTE
     installed size is 8.1Mb
     sub-directories of 1Mb or more:
     libs 6.0Mb
Flavors: r-release-macos-arm64, r-release-macos-x86_64, r-oldrel-macos-x86_64