CRAN Package Check Results for Package mirt

Last updated on 2022-08-19 15:52:32 CEST.

Flavor Version Tinstall Tcheck Ttotal Status Flags
r-devel-linux-x86_64-debian-clang 1.37.1 145.41 246.47 391.88 OK
r-devel-linux-x86_64-debian-gcc 1.37.1 119.99 181.54 301.53 OK
r-devel-linux-x86_64-fedora-clang 1.37.1 506.43 OK
r-devel-linux-x86_64-fedora-gcc 1.37.1 512.34 OK
r-devel-windows-x86_64 1.37.1 152.00 299.00 451.00 OK
r-patched-linux-x86_64 1.37.1 132.37 227.65 360.02 OK
r-release-linux-x86_64 1.37.1 OK
r-release-macos-arm64 1.37.1 111.00 NOTE
r-release-macos-x86_64 1.37.1 155.00 NOTE
r-release-windows-x86_64 1.37.1 153.00 278.00 431.00 OK
r-oldrel-macos-arm64 1.37.1 102.00 NOTE
r-oldrel-macos-x86_64 1.37.1 147.00 NOTE
r-oldrel-windows-ix86+x86_64 1.37.1 301.00 331.00 632.00 NOTE

Check Details

Version: 1.37.1
Check: installed package size
Result: NOTE
     installed size is 9.3Mb
     sub-directories of 1Mb or more:
     R 2.0Mb
     libs 6.6Mb
Flavors: r-release-macos-arm64, r-release-macos-x86_64, r-oldrel-macos-arm64, r-oldrel-macos-x86_64, r-oldrel-windows-ix86+x86_64