Last updated on 2023-01-28 04:57:00 CET.
Flavor | Version | Tinstall | Tcheck | Ttotal | Status | Flags |
---|---|---|---|---|---|---|
r-devel-linux-x86_64-debian-clang | 0.2.1 | 43.74 | 215.40 | 259.14 | NOTE | |
r-devel-linux-x86_64-debian-gcc | 0.2.1 | 38.32 | 176.43 | 214.75 | NOTE | |
r-devel-linux-x86_64-fedora-clang | 0.2.1 | 345.93 | NOTE | |||
r-devel-linux-x86_64-fedora-gcc | 0.2.1 | 321.09 | NOTE | |||
r-patched-linux-x86_64 | 0.2.1 | 37.96 | 213.19 | 251.15 | OK | |
r-release-linux-x86_64 | 0.2.1 | 36.12 | 211.69 | 247.81 | OK | |
r-release-macos-arm64 | 0.2.1 | 89.00 | OK | |||
r-release-macos-x86_64 | 0.2.1 | 113.00 | OK | |||
r-release-windows-x86_64 | 0.2.1 | 55.00 | 300.00 | 355.00 | OK | |
r-oldrel-macos-arm64 | 0.2.1 | 99.00 | OK | |||
r-oldrel-macos-x86_64 | 0.2.1 | 109.00 | OK | |||
r-oldrel-windows-ix86+x86_64 | 0.2.1 | 119.00 | 540.00 | 659.00 | OK |
Version: 0.2.1
Check: package subdirectories
Result: NOTE
Problems with news in ‘NEWS.md’:
No news entries found.
Flavors: r-devel-linux-x86_64-debian-clang, r-devel-linux-x86_64-debian-gcc, r-devel-linux-x86_64-fedora-clang, r-devel-linux-x86_64-fedora-gcc